{"id":2465,"date":"2019-07-30T16:41:00","date_gmt":"2019-07-30T16:41:00","guid":{"rendered":"https:\/\/feriadeteatro.com\/feria2019\/?page_id=2465"},"modified":"2025-04-15T11:46:17","modified_gmt":"2025-04-15T11:46:17","slug":"descargas","status":"publish","type":"page","link":"https:\/\/feriadeteatro.com\/feria2023\/descargas\/","title":{"rendered":"Descargas"},"content":{"rendered":"<p><div class=\"fusion-fullwidth fullwidth-box fusion-builder-row-1 fusion-flex-container nonhundred-percent-fullwidth non-hundred-percent-height-scrolling\" style=\"--awb-border-radius-top-left:0px;--awb-border-radius-top-right:0px;--awb-border-radius-bottom-right:0px;--awb-border-radius-bottom-left:0px;--awb-padding-top:50px;--awb-flex-wrap:wrap;\" ><div class=\"fusion-builder-row fusion-row fusion-flex-align-items-flex-start fusion-flex-content-wrap\" style=\"max-width:1216.8px;margin-left: calc(-4% \/ 2 );margin-right: calc(-4% \/ 2 );\"><div class=\"fusion-layout-column fusion_builder_column fusion-builder-column-0 fusion_builder_column_1_1 1_1 fusion-flex-column\" style=\"--awb-bg-size:cover;--awb-width-large:100%;--awb-margin-top-large:0px;--awb-spacing-right-large:1.92%;--awb-margin-bottom-large:0px;--awb-spacing-left-large:1.92%;--awb-width-medium:100%;--awb-spacing-right-medium:1.92%;--awb-spacing-left-medium:1.92%;--awb-width-small:100%;--awb-spacing-right-small:1.92%;--awb-spacing-left-small:1.92%;\"><div class=\"fusion-column-wrapper fusion-column-has-shadow fusion-flex-justify-content-flex-start fusion-content-layout-column\"><div class=\"fusion-title title fusion-title-1 fusion-title-text fusion-title-size-two\" style=\"--awb-margin-bottom:30px;\"><div class=\"title-sep-container title-sep-container-left fusion-no-large-visibility fusion-no-medium-visibility fusion-no-small-visibility\"><div class=\"title-sep sep-single sep-dashed\" style=\"border-color:#f46f72;\"><\/div><\/div><span class=\"awb-title-spacer fusion-no-large-visibility fusion-no-medium-visibility fusion-no-small-visibility\"><\/span><h2 class=\"fusion-title-heading title-heading-left\" style=\"margin:0;\">Descargas<\/h2><span class=\"awb-title-spacer\"><\/span><div class=\"title-sep-container title-sep-container-right\"><div class=\"title-sep sep-single sep-dashed\" style=\"border-color:#f46f72;\"><\/div><\/div><\/div><\/div><\/div><\/div><\/div><div class=\"fusion-fullwidth fullwidth-box fusion-builder-row-2 fusion-flex-container nonhundred-percent-fullwidth non-hundred-percent-height-scrolling\" style=\"--awb-border-radius-top-left:0px;--awb-border-radius-top-right:0px;--awb-border-radius-bottom-right:0px;--awb-border-radius-bottom-left:0px;--awb-flex-wrap:wrap;\" ><div class=\"fusion-builder-row fusion-row fusion-flex-align-items-flex-start fusion-flex-content-wrap\" style=\"max-width:1216.8px;margin-left: calc(-4% \/ 2 );margin-right: calc(-4% \/ 2 );\"><div class=\"fusion-layout-column fusion_builder_column fusion-builder-column-1 fusion_builder_column_1_1 1_1 fusion-flex-column\" style=\"--awb-bg-size:cover;--awb-width-large:100%;--awb-margin-top-large:0px;--awb-spacing-right-large:1.92%;--awb-margin-bottom-large:0px;--awb-spacing-left-large:1.92%;--awb-width-medium:100%;--awb-spacing-right-medium:1.92%;--awb-spacing-left-medium:1.92%;--awb-width-small:100%;--awb-spacing-right-small:1.92%;--awb-spacing-left-small:1.92%;\"><div class=\"fusion-column-wrapper fusion-column-has-shadow fusion-flex-justify-content-flex-start fusion-content-layout-column\">\n<div class=\"table-1\">\n<table style=\"height: 364px;\" width=\"100%\">\n<tbody>\n<tr>\n<td style=\"width: 2.20848%;\"><img decoding=\"async\" class=\"size-full wp-image-2501 alignleft lazyload\" data-src=\"https:\/\/www.feriadeteatro.com\/feria2020\/wp-content\/uploads\/2019\/07\/flecharoja.jpg\" alt=\"\" width=\"11\" height=\"11\" src=\"data:image\/svg+xml;base64,PHN2ZyB3aWR0aD0iMSIgaGVpZ2h0PSIxIiB4bWxucz0iaHR0cDovL3d3dy53My5vcmcvMjAwMC9zdmciPjwvc3ZnPg==\" style=\"--smush-placeholder-width: 11px; --smush-placeholder-aspect-ratio: 11\/11;\" \/><\/td>\n<td style=\"width: 97.0848%;\">\u00a0<a href=\"https:\/\/feriadeteatro.com\/feria2025\/wp-content\/uploads\/2025\/04\/catalogo-ferias-covid.pdf\" target=\"_blank\" rel=\"noopener\">CAT\u00c1LOGO FERIAS 2020 \/ 2021 \/ 2022 (FERIAS COVID)<\/a><\/td>\n<\/tr>\n<tr>\n<td style=\"width: 2.20848%;\"><img decoding=\"async\" class=\"size-full wp-image-2501 alignleft lazyload\" data-src=\"https:\/\/www.feriadeteatro.com\/feria2020\/wp-content\/uploads\/2019\/07\/flecharoja.jpg\" alt=\"\" width=\"11\" height=\"11\" src=\"data:image\/svg+xml;base64,PHN2ZyB3aWR0aD0iMSIgaGVpZ2h0PSIxIiB4bWxucz0iaHR0cDovL3d3dy53My5vcmcvMjAwMC9zdmciPjwvc3ZnPg==\" style=\"--smush-placeholder-width: 11px; --smush-placeholder-aspect-ratio: 11\/11;\" \/><\/td>\n<td style=\"width: 97.0848%;\">\u00a0<a href=\"https:\/\/feriadeteatro.com\/feria2023\/wp-content\/uploads\/2023\/08\/desplegable-26-feria-programacion.pdf\" target=\"_blank\" rel=\"noopener\">Folleto de mano con la programaci\u00f3n de la 26 Feria de Teatro<\/a><\/td>\n<\/tr>\n<tr>\n<td style=\"width: 2.20848%;\"><img decoding=\"async\" class=\"size-full wp-image-2501 alignleft lazyload\" data-src=\"https:\/\/www.feriadeteatro.com\/feria2020\/wp-content\/uploads\/2019\/07\/flecharoja.jpg\" alt=\"\" width=\"11\" height=\"11\" src=\"data:image\/svg+xml;base64,PHN2ZyB3aWR0aD0iMSIgaGVpZ2h0PSIxIiB4bWxucz0iaHR0cDovL3d3dy53My5vcmcvMjAwMC9zdmciPjwvc3ZnPg==\" style=\"--smush-placeholder-width: 11px; --smush-placeholder-aspect-ratio: 11\/11;\" \/><\/td>\n<td style=\"width: 97.0848%;\">\u00a0<a href=\"https:\/\/feriadeteatro.com\/feria2023\/wp-content\/uploads\/2023\/07\/libro-26-feria-2023.pdf\" target=\"_blank\" rel=\"noopener\">Libro de la 26 Feria de Teatro de Castilla y Le\u00f3n &#8211; Ciudad Rodrigo<\/a><\/td>\n<\/tr>\n<tr>\n<td style=\"width: 2.20848%;\"><img decoding=\"async\" class=\"size-full wp-image-2501 alignleft lazyload\" data-src=\"https:\/\/www.feriadeteatro.com\/feria2020\/wp-content\/uploads\/2019\/07\/flecharoja.jpg\" alt=\"\" width=\"11\" height=\"11\" src=\"data:image\/svg+xml;base64,PHN2ZyB3aWR0aD0iMSIgaGVpZ2h0PSIxIiB4bWxucz0iaHR0cDovL3d3dy53My5vcmcvMjAwMC9zdmciPjwvc3ZnPg==\" style=\"--smush-placeholder-width: 11px; --smush-placeholder-aspect-ratio: 11\/11;\" \/><\/td>\n<td style=\"width: 97.0848%;\">\u00a0<a href=\"https:\/\/feriadeteatro.com\/feria2023\/wp-content\/uploads\/2023\/06\/26edicionFTCYLciudadrodrigo34x70ok-1.pdf\" target=\"_blank\" rel=\"noopener\">Cartel de la 26 Feria de Teatro de Castilla y Le\u00f3n &#8211; Ciudad Rodrigo.<\/a><\/td>\n<\/tr>\n<tr style=\"height: 27px;\">\n<td style=\"height: 27px; width: 2.20848%;\" align=\"left\"><img decoding=\"async\" class=\"size-full wp-image-2501 alignleft lazyload\" data-src=\"https:\/\/www.feriadeteatro.com\/feria2020\/wp-content\/uploads\/2019\/07\/flecharoja.jpg\" alt=\"\" width=\"11\" height=\"11\" src=\"data:image\/svg+xml;base64,PHN2ZyB3aWR0aD0iMSIgaGVpZ2h0PSIxIiB4bWxucz0iaHR0cDovL3d3dy53My5vcmcvMjAwMC9zdmciPjwvc3ZnPg==\" style=\"--smush-placeholder-width: 11px; --smush-placeholder-aspect-ratio: 11\/11;\" \/><\/td>\n<td style=\"height: 27px; width: 97.0848%;\">\u00a0<a href=\"https:\/\/feriadeteatro.com\/feria2023\/wp-content\/uploads\/2023\/06\/INFORME-Y-DATOS-DE-ANALISIS-DE-IMPACTO-DE-MERCADO-DE-LA-25-FERIA-DE-TEATRO-DE-CASTILLA-Y-LEON-para-web.pdf\" target=\"_blank\" rel=\"noopener\">Informe de impacto de la 22\u00aa Feria de Teatro para las compa\u00f1\u00edas programadas<\/a>.<\/td>\n<\/tr>\n<tr>\n<td style=\"width: 2.20848%;\"><img decoding=\"async\" class=\"size-full wp-image-2501 alignleft lazyload\" data-src=\"https:\/\/www.feriadeteatro.com\/feria2020\/wp-content\/uploads\/2019\/07\/flecharoja.jpg\" alt=\"\" width=\"11\" height=\"11\" src=\"data:image\/svg+xml;base64,PHN2ZyB3aWR0aD0iMSIgaGVpZ2h0PSIxIiB4bWxucz0iaHR0cDovL3d3dy53My5vcmcvMjAwMC9zdmciPjwvc3ZnPg==\" style=\"--smush-placeholder-width: 11px; --smush-placeholder-aspect-ratio: 11\/11;\" \/><\/td>\n<td style=\"width: 97.0848%;\">\u00a0Logotipo Feria de Teatro de Castilla y Le\u00f3n &#8211; Ciudad Rodrigo. (<a href=\"https:\/\/feriadeteatro.com\/feria2023\/wp-content\/uploads\/2023\/01\/logo-feria-de-teatro-cyl-ciudad-rodrigo.jpg\" target=\"_blank\" rel=\"noopener\">JPG<\/a>, <a href=\"https:\/\/feriadeteatro.com\/feria2023\/wp-content\/uploads\/2023\/01\/logo-feria-de-teatro-cyl-ciudad-rodrigo-neg.jpg\" target=\"_blank\" rel=\"noopener\">JPG negat.<\/a> y <a href=\"https:\/\/feriadeteatro.com\/feria2023\/wp-content\/uploads\/2023\/01\/logo-feria-de-teatro-cyl-ciudad-rodrigo.png\" target=\"_blank\" rel=\"noopener\">PNG<\/a>)<\/td>\n<\/tr>\n<tr style=\"height: 20px;\">\n<td style=\"width: 2.20848%; height: 20px;\" align=\"left\"><img decoding=\"async\" class=\"size-full wp-image-2501 alignleft lazyload\" data-src=\"https:\/\/www.feriadeteatro.com\/feria2020\/wp-content\/uploads\/2019\/07\/flecharoja.jpg\" alt=\"\" width=\"11\" height=\"11\" src=\"data:image\/svg+xml;base64,PHN2ZyB3aWR0aD0iMSIgaGVpZ2h0PSIxIiB4bWxucz0iaHR0cDovL3d3dy53My5vcmcvMjAwMC9zdmciPjwvc3ZnPg==\" style=\"--smush-placeholder-width: 11px; --smush-placeholder-aspect-ratio: 11\/11;\" \/><\/td>\n<td style=\"height: 20px; width: 97.0848%;\" align=\"left\">\u00a0<a href=\"https:\/\/feriadeteatro.com\/feria2023\/wp-content\/uploads\/2023\/06\/Observatorio-de-la-Cultura-2022.pdf\" target=\"_blank\" rel=\"noopener\">El Bar\u00f3metro de 2022 del observatorio de la cultura, incluye La Feria de Teatro entre los acontecimientos m\u00e1s importantes.<\/a><\/td>\n<\/tr>\n<tr style=\"height: 27px;\">\n<td style=\"width: 2.20848%; height: 27px;\"><img decoding=\"async\" class=\"size-full wp-image-2501 alignleft lazyload\" data-src=\"https:\/\/www.feriadeteatro.com\/feria2020\/wp-content\/uploads\/2019\/07\/flecharoja.jpg\" alt=\"\" width=\"11\" height=\"11\" src=\"data:image\/svg+xml;base64,PHN2ZyB3aWR0aD0iMSIgaGVpZ2h0PSIxIiB4bWxucz0iaHR0cDovL3d3dy53My5vcmcvMjAwMC9zdmciPjwvc3ZnPg==\" style=\"--smush-placeholder-width: 11px; --smush-placeholder-aspect-ratio: 11\/11;\" \/><\/td>\n<td style=\"width: 97.0848%; height: 27px;\">\u00a0<a href=\"https:\/\/feriadeteatro.com\/feria2023\/wp-content\/uploads\/2021\/12\/bases-premio-rosa-maria-garcia-cano-2021.pdf\" target=\"_blank\" rel=\"noopener\">Bases convocatoria X Premios Rosa Mar\u00eda Garc\u00eda Cano de Artes Esc\u00e9nicas<\/a><\/td>\n<\/tr>\n<tr style=\"height: 20px;\">\n<td style=\"width: 2.20848%; height: 20px;\" align=\"left\"><img decoding=\"async\" class=\"size-full wp-image-2501 alignleft lazyload\" data-src=\"https:\/\/www.feriadeteatro.com\/feria2020\/wp-content\/uploads\/2019\/07\/flecharoja.jpg\" alt=\"\" width=\"11\" height=\"11\" src=\"data:image\/svg+xml;base64,PHN2ZyB3aWR0aD0iMSIgaGVpZ2h0PSIxIiB4bWxucz0iaHR0cDovL3d3dy53My5vcmcvMjAwMC9zdmciPjwvc3ZnPg==\" style=\"--smush-placeholder-width: 11px; --smush-placeholder-aspect-ratio: 11\/11;\" \/><\/td>\n<td style=\"height: 20px; width: 97.0848%;\" align=\"left\">\u00a0<a href=\"https:\/\/www.feriadeteatro.com\/feria2020\/wp-content\/uploads\/2020\/03\/Observatorio-de-la-Cultura_Lo-Mejor-de-la-Cultura-en-Espania-2019.pdf\" target=\"_blank\" rel=\"noopener\">Observatorio de la cultura &#8211; Lo mejor de la cultura 2019<\/a><\/td>\n<\/tr>\n<tr style=\"height: 27px;\">\n<td style=\"height: 27px; width: 2.20848%;\" align=\"left\"><img decoding=\"async\" class=\"size-full wp-image-2501 alignleft lazyload\" data-src=\"https:\/\/www.feriadeteatro.com\/feria2020\/wp-content\/uploads\/2019\/07\/flecharoja.jpg\" alt=\"\" width=\"11\" height=\"11\" src=\"data:image\/svg+xml;base64,PHN2ZyB3aWR0aD0iMSIgaGVpZ2h0PSIxIiB4bWxucz0iaHR0cDovL3d3dy53My5vcmcvMjAwMC9zdmciPjwvc3ZnPg==\" style=\"--smush-placeholder-width: 11px; --smush-placeholder-aspect-ratio: 11\/11;\" \/><\/td>\n<td style=\"height: 27px; width: 97.0848%;\">\u00a0<a href=\"https:\/\/feriadeteatro.com\/feria2019\/wp-content\/uploads\/2019\/07\/34Noticiaobservatoriocultura.pdf\" target=\"_blank\" rel=\"noopener\">El Bar\u00f3metro de 2016 del observatorio de la cultura, incluye La Feria de Teatro entro los acontecimientos m\u00e1s importantes.<\/a><\/td>\n<\/tr>\n<tr style=\"height: 27px;\">\n<td style=\"height: 27px; width: 2.20848%;\" align=\"left\"><img decoding=\"async\" class=\"size-full wp-image-2501 alignleft lazyload\" data-src=\"https:\/\/www.feriadeteatro.com\/feria2020\/wp-content\/uploads\/2019\/07\/flecharoja.jpg\" alt=\"\" width=\"11\" height=\"11\" src=\"data:image\/svg+xml;base64,PHN2ZyB3aWR0aD0iMSIgaGVpZ2h0PSIxIiB4bWxucz0iaHR0cDovL3d3dy53My5vcmcvMjAwMC9zdmciPjwvc3ZnPg==\" style=\"--smush-placeholder-width: 11px; --smush-placeholder-aspect-ratio: 11\/11;\" \/><\/td>\n<td style=\"height: 27px; width: 97.0848%;\">\u00a0<a href=\"https:\/\/feriadeteatro.com\/feria2019\/wp-content\/uploads\/2019\/07\/6descargasCOFAE.pdf\" target=\"_blank\" rel=\"noopener\">Estudio de COFAE: Las Ferias generadoras de negocio.<\/a><\/td>\n<\/tr>\n<tr style=\"height: 27px;\">\n<td style=\"height: 27px; width: 2.20848%;\" align=\"left\"><img decoding=\"async\" class=\"size-full wp-image-2501 alignleft lazyload\" data-src=\"https:\/\/www.feriadeteatro.com\/feria2020\/wp-content\/uploads\/2019\/07\/flecharoja.jpg\" alt=\"\" width=\"11\" height=\"11\" src=\"data:image\/svg+xml;base64,PHN2ZyB3aWR0aD0iMSIgaGVpZ2h0PSIxIiB4bWxucz0iaHR0cDovL3d3dy53My5vcmcvMjAwMC9zdmciPjwvc3ZnPg==\" style=\"--smush-placeholder-width: 11px; --smush-placeholder-aspect-ratio: 11\/11;\" \/><\/td>\n<td style=\"height: 27px; width: 97.0848%;\">\u00a0<a href=\"https:\/\/feriadeteatro.com\/feria2019\/wp-content\/uploads\/2019\/07\/7descargas-conclusiones-encuentro-ideas-sector.pdf\" target=\"_blank\" rel=\"noopener\">Conclusiones encuentro Ideas-Sector.<\/a><\/td>\n<\/tr>\n<tr style=\"height: 27px;\">\n<td style=\"height: 27px; width: 2.20848%;\" align=\"left\"><img decoding=\"async\" class=\"size-full wp-image-2501 alignleft lazyload\" data-src=\"https:\/\/www.feriadeteatro.com\/feria2020\/wp-content\/uploads\/2019\/07\/flecharoja.jpg\" alt=\"\" width=\"11\" height=\"11\" src=\"data:image\/svg+xml;base64,PHN2ZyB3aWR0aD0iMSIgaGVpZ2h0PSIxIiB4bWxucz0iaHR0cDovL3d3dy53My5vcmcvMjAwMC9zdmciPjwvc3ZnPg==\" style=\"--smush-placeholder-width: 11px; --smush-placeholder-aspect-ratio: 11\/11;\" \/><\/td>\n<td style=\"height: 27px; width: 97.0848%;\">\u00a0<a href=\"https:\/\/feriadeteatro.com\/feria2019\/wp-content\/uploads\/2019\/07\/9resumen-del-equipo-de-gestion.pdf\" target=\"_blank\" rel=\"noopener\">Resumen desde el equipo de gesti\u00f3n sobre el estudio sobre la Feria de Teatro de Castilla y Le\u00f3n y su impacto en la Ciudadan\u00eda.<\/a><\/td>\n<\/tr>\n<tr style=\"height: 27px;\">\n<td style=\"height: 27px; width: 2.20848%;\" align=\"left\"><img decoding=\"async\" class=\"size-full wp-image-2501 alignleft lazyload\" data-src=\"https:\/\/www.feriadeteatro.com\/feria2020\/wp-content\/uploads\/2019\/07\/flecharoja.jpg\" alt=\"\" width=\"11\" height=\"11\" src=\"data:image\/svg+xml;base64,PHN2ZyB3aWR0aD0iMSIgaGVpZ2h0PSIxIiB4bWxucz0iaHR0cDovL3d3dy53My5vcmcvMjAwMC9zdmciPjwvc3ZnPg==\" style=\"--smush-placeholder-width: 11px; --smush-placeholder-aspect-ratio: 11\/11;\" \/><\/td>\n<td style=\"height: 27px; width: 97.0848%;\">\u00a0<a href=\"https:\/\/feriadeteatro.com\/feria2019\/wp-content\/uploads\/2019\/07\/8investigacion-sobre-la-feria-dr-galos.pdf\" target=\"_blank\" rel=\"noopener\">Investigaci\u00f3n sobre la Feria de Teatro de Castilla y Le\u00f3n y su impacto en la Ciudadan\u00eda. Dirigido por Dr.Galo S\u00e1nchez.<\/a><\/td>\n<\/tr>\n<\/tbody>\n<\/table>\n<\/div>\n<\/div><\/div><\/div><\/div><\/p>\n","protected":false},"excerpt":{"rendered":"","protected":false},"author":1,"featured_media":0,"parent":0,"menu_order":0,"comment_status":"closed","ping_status":"closed","template":"","meta":{"footnotes":""},"class_list":["post-2465","page","type-page","status-publish","hentry"],"_links":{"self":[{"href":"https:\/\/feriadeteatro.com\/feria2023\/wp-json\/wp\/v2\/pages\/2465","targetHints":{"allow":["GET"]}}],"collection":[{"href":"https:\/\/feriadeteatro.com\/feria2023\/wp-json\/wp\/v2\/pages"}],"about":[{"href":"https:\/\/feriadeteatro.com\/feria2023\/wp-json\/wp\/v2\/types\/page"}],"author":[{"embeddable":true,"href":"https:\/\/feriadeteatro.com\/feria2023\/wp-json\/wp\/v2\/users\/1"}],"replies":[{"embeddable":true,"href":"https:\/\/feriadeteatro.com\/feria2023\/wp-json\/wp\/v2\/comments?post=2465"}],"version-history":[{"count":21,"href":"https:\/\/feriadeteatro.com\/feria2023\/wp-json\/wp\/v2\/pages\/2465\/revisions"}],"predecessor-version":[{"id":10078,"href":"https:\/\/feriadeteatro.com\/feria2023\/wp-json\/wp\/v2\/pages\/2465\/revisions\/10078"}],"wp:attachment":[{"href":"https:\/\/feriadeteatro.com\/feria2023\/wp-json\/wp\/v2\/media?parent=2465"}],"curies":[{"name":"wp","href":"https:\/\/api.w.org\/{rel}","templated":true}]}}