{"id":9005,"date":"2023-07-04T15:05:22","date_gmt":"2023-07-04T15:05:22","guid":{"rendered":"https:\/\/feriadeteatro.com\/feria2023\/?page_id=9005"},"modified":"2023-07-04T16:09:35","modified_gmt":"2023-07-04T16:09:35","slug":"retorno-a-celama-teatro-corsario","status":"publish","type":"page","link":"https:\/\/feriadeteatro.com\/feria2023\/retorno-a-celama-teatro-corsario\/","title":{"rendered":"Retorno a Celama &#8211; Teatro Corsario"},"content":{"rendered":"<div class=\"fusion-fullwidth fullwidth-box fusion-builder-row-1 fusion-flex-container nonhundred-percent-fullwidth non-hundred-percent-height-scrolling\" style=\"--awb-border-radius-top-left:0px;--awb-border-radius-top-right:0px;--awb-border-radius-bottom-right:0px;--awb-border-radius-bottom-left:0px;--awb-flex-wrap:wrap;\" ><div class=\"fusion-builder-row fusion-row fusion-flex-align-items-flex-start fusion-flex-content-wrap\" style=\"max-width:1216.8px;margin-left: calc(-4% \/ 2 );margin-right: calc(-4% \/ 2 );\"><div class=\"fusion-layout-column fusion_builder_column fusion-builder-column-0 fusion_builder_column_1_1 1_1 fusion-flex-column\" style=\"--awb-bg-size:cover;--awb-width-large:100%;--awb-margin-top-large:0px;--awb-spacing-right-large:1.92%;--awb-margin-bottom-large:0px;--awb-spacing-left-large:1.92%;--awb-width-medium:100%;--awb-order-medium:0;--awb-spacing-right-medium:1.92%;--awb-spacing-left-medium:1.92%;--awb-width-small:100%;--awb-order-small:0;--awb-spacing-right-small:1.92%;--awb-spacing-left-small:1.92%;\"><div class=\"fusion-column-wrapper fusion-column-has-shadow fusion-flex-justify-content-flex-start fusion-content-layout-column\"><div class=\"fusion-text fusion-text-1\"><h2 style=\"text-align: center;\">TEATRO CORSARIO<\/h2>\n<\/div><div class=\"fusion-text fusion-text-2\"><h3 style=\"text-align: center;\">Retorno a Celama<\/h3>\n<\/div><div class=\"fusion-separator fusion-full-width-sep\" style=\"align-self: center;margin-left: auto;margin-right: auto;width:100%;\"><div class=\"fusion-separator-border sep-single sep-solid\" style=\"--awb-height:20px;--awb-amount:20px;border-color:#e0dede;border-top-width:1px;\"><\/div><\/div><div class=\"fusion-separator fusion-full-width-sep\" style=\"align-self: center;margin-left: auto;margin-right: auto;margin-top:20px;margin-bottom:20px;width:100%;\"><\/div><\/div><\/div><div class=\"fusion-layout-column fusion_builder_column fusion-builder-column-1 fusion_builder_column_1_2 1_2 fusion-flex-column\" style=\"--awb-padding-top:10px;--awb-padding-right:10px;--awb-padding-left:10px;--awb-bg-color:#f4f4f4;--awb-bg-color-hover:#f4f4f4;--awb-bg-size:cover;--awb-width-large:50%;--awb-margin-top-large:0px;--awb-spacing-right-large:3.84%;--awb-margin-bottom-large:0px;--awb-spacing-left-large:3.84%;--awb-width-medium:100%;--awb-order-medium:0;--awb-spacing-right-medium:1.92%;--awb-spacing-left-medium:1.92%;--awb-width-small:100%;--awb-order-small:0;--awb-spacing-right-small:1.92%;--awb-spacing-left-small:1.92%;\"><div class=\"fusion-column-wrapper fusion-column-has-shadow fusion-flex-justify-content-flex-start fusion-content-layout-column\"><div class=\"fusion-text fusion-text-3\"><p><strong>D\u00eda:<\/strong> Martes 22<br \/>\n<strong>Lugar:<\/strong> <a href=\"https:\/\/goo.gl\/maps\/VrqE4h2yh1Y7AXK47\" target=\"_blank\" rel=\"noopener\">Teatro Nuevo Fernando Arrabal<\/a><br \/>\n<strong>Hora:<\/strong> 18:00h<\/p>\n<h4>DATOS DE CONTACTO:<\/h4>\n<p><strong>Persona de contacto:<\/strong> Jes\u00fas Pe\u00f1a<br \/>\n<strong>Tel\u00e9fono:<\/strong> <a href=\"tel:+34983302637\">+34 983302637<\/a> &#8211; <a href=\"http:\/\/+34607704975\">+34 607704975<\/a><br \/>\n<strong>Direcci\u00f3n postal:<\/strong> C\/ Recoletas, 4, 2\u00ba A, 47006 Valladolid<br \/>\n<strong>Email:<\/strong> <a href=\"mailto:corsario@teatrocorsario.com\">corsario@teatrocorsario.com<\/a><br \/>\n<strong>P\u00e1gina web:<\/strong> <a href=\"https:\/\/www.teatrocorsario.com\/\" target=\"_blank\" rel=\"noopener\">www.teatrocorsario.com\/<\/a><\/p>\n<\/div><\/div><\/div><div class=\"fusion-layout-column fusion_builder_column fusion-builder-column-2 fusion_builder_column_1_2 1_2 fusion-flex-column\" style=\"--awb-bg-size:cover;--awb-width-large:50%;--awb-margin-top-large:0px;--awb-spacing-right-large:3.84%;--awb-margin-bottom-large:0px;--awb-spacing-left-large:3.84%;--awb-width-medium:100%;--awb-order-medium:0;--awb-spacing-right-medium:1.92%;--awb-spacing-left-medium:1.92%;--awb-width-small:100%;--awb-order-small:0;--awb-spacing-right-small:1.92%;--awb-spacing-left-small:1.92%;\"><div class=\"fusion-column-wrapper fusion-column-has-shadow fusion-flex-justify-content-flex-start fusion-content-layout-column\"><div class=\"fusion-image-element \" style=\"--awb-caption-title-font-family:var(--h2_typography-font-family);--awb-caption-title-font-weight:var(--h2_typography-font-weight);--awb-caption-title-font-style:var(--h2_typography-font-style);--awb-caption-title-size:var(--h2_typography-font-size);--awb-caption-title-transform:var(--h2_typography-text-transform);--awb-caption-title-line-height:var(--h2_typography-line-height);--awb-caption-title-letter-spacing:var(--h2_typography-letter-spacing);\"><span class=\" fusion-imageframe imageframe-none imageframe-1 hover-type-none\"><img decoding=\"async\" width=\"800\" height=\"800\" title=\"foto-corsario\" data-src=\"https:\/\/feriadeteatro.com\/feria2023\/wp-content\/uploads\/2023\/06\/foto-corsario.jpg\" alt class=\"img-responsive wp-image-8935 lazyload\" data-srcset=\"https:\/\/feriadeteatro.com\/feria2023\/wp-content\/uploads\/2023\/06\/foto-corsario-200x200.jpg 200w, https:\/\/feriadeteatro.com\/feria2023\/wp-content\/uploads\/2023\/06\/foto-corsario-400x400.jpg 400w, https:\/\/feriadeteatro.com\/feria2023\/wp-content\/uploads\/2023\/06\/foto-corsario-600x600.jpg 600w, https:\/\/feriadeteatro.com\/feria2023\/wp-content\/uploads\/2023\/06\/foto-corsario.jpg 800w\" data-sizes=\"(max-width: 1024px) 100vw, (max-width: 640px) 100vw, 600px\" src=\"data:image\/svg+xml;base64,PHN2ZyB3aWR0aD0iMSIgaGVpZ2h0PSIxIiB4bWxucz0iaHR0cDovL3d3dy53My5vcmcvMjAwMC9zdmciPjwvc3ZnPg==\" style=\"--smush-placeholder-width: 800px; --smush-placeholder-aspect-ratio: 800\/800;\" \/><\/span><\/div><\/div><\/div><div class=\"fusion-layout-column fusion_builder_column fusion-builder-column-3 fusion_builder_column_1_1 1_1 fusion-flex-column\" style=\"--awb-bg-color:#ffffff;--awb-bg-color-hover:#ffffff;--awb-bg-size:cover;--awb-width-large:100%;--awb-margin-top-large:0px;--awb-spacing-right-large:1.92%;--awb-margin-bottom-large:0px;--awb-spacing-left-large:1.92%;--awb-width-medium:100%;--awb-order-medium:0;--awb-spacing-right-medium:1.92%;--awb-spacing-left-medium:1.92%;--awb-width-small:100%;--awb-order-small:0;--awb-spacing-right-small:1.92%;--awb-spacing-left-small:1.92%;\"><div class=\"fusion-column-wrapper fusion-column-has-shadow fusion-flex-justify-content-flex-start fusion-content-layout-column\"><div class=\"fusion-text fusion-text-4\"><h4>SINOPSIS:<\/h4>\n<p style=\"text-align: justify;\">RETORNO A CELAMA es un ins\u00f3lito espect\u00e1culo que se adentra en el realismo m\u00e1gico de las novelas del leon\u00e9s Luis Mateo D\u00edez, Premio Nacional de las Letras Espa\u00f1olas.<\/p>\n<p style=\"text-align: justify;\">TEATRO CORSARIO regresa con este nuevo montaje al universo de Celama, una comarca poblada por fantasmas, situada en el territorio del mito, la imaginaci\u00f3n y la memoria. Una gran\u00a0met\u00e1fora sobre la desaparici\u00f3n de las culturas campesinas que nos lleva, con estremecimiento\u00a0y con humor, a lo m\u00e1s hondo y misterioso del coraz\u00f3n humano.<\/p>\n<\/div><\/div><\/div><div class=\"fusion-layout-column fusion_builder_column fusion-builder-column-4 fusion_builder_column_1_2 1_2 fusion-flex-column\" style=\"--awb-bg-color:#ffffff;--awb-bg-color-hover:#ffffff;--awb-bg-size:cover;--awb-width-large:50%;--awb-margin-top-large:0px;--awb-spacing-right-large:3.84%;--awb-margin-bottom-large:0px;--awb-spacing-left-large:3.84%;--awb-width-medium:100%;--awb-order-medium:0;--awb-spacing-right-medium:1.92%;--awb-spacing-left-medium:1.92%;--awb-width-small:100%;--awb-order-small:0;--awb-spacing-right-small:1.92%;--awb-spacing-left-small:1.92%;\"><div class=\"fusion-column-wrapper fusion-column-has-shadow fusion-flex-justify-content-flex-start fusion-content-layout-column\"><\/div><\/div><div class=\"fusion-layout-column fusion_builder_column fusion-builder-column-5 fusion_builder_column_1_2 1_2 fusion-flex-column\" style=\"--awb-bg-color:#ffffff;--awb-bg-color-hover:#ffffff;--awb-bg-size:cover;--awb-width-large:50%;--awb-margin-top-large:0px;--awb-spacing-right-large:3.84%;--awb-margin-bottom-large:0px;--awb-spacing-left-large:3.84%;--awb-width-medium:100%;--awb-order-medium:0;--awb-spacing-right-medium:1.92%;--awb-spacing-left-medium:1.92%;--awb-width-small:100%;--awb-order-small:0;--awb-spacing-right-small:1.92%;--awb-spacing-left-small:1.92%;\"><div class=\"fusion-column-wrapper fusion-column-has-shadow fusion-flex-justify-content-flex-start fusion-content-layout-column\"><div class=\"fusion-text fusion-text-5\"><h4>FICHA ART\u00cdSTICA<\/h4>\n<p><strong>DIRECCI\u00d3N:<\/strong> Jes\u00fas Pe\u00f1a<\/p>\n<p><strong>REPARTO:<\/strong><\/p>\n<p>Doctor Cuende, Fulvio Llama y Liviano Ariga: Carlos Pinedo<\/p>\n<p>La Muerte, Pastor, Telurio, Don Selmo y Ciro: Jes\u00fas Pe\u00f1a<\/p>\n<p>La Madre, Enferma 1, Dolida, Do\u00f1a Vi\u00f1a, Tres, Pelagra y Burlona: Clara Parada<\/p>\n<p>Tamarila, Enferma 2, Sucinta, Dos y Muridia: Teresa L\u00e1zaro<\/p>\n<p><strong>M\u00daSICA:<\/strong> Juan Carlos Mart\u00edn<\/p>\n<p><strong>SONIDO:<\/strong> Xabi Sainz<\/p>\n<p><strong>ESCENOGRAF\u00cdA:<\/strong> Fernando Urdiales, Miguel \u00c1ngel Mart\u00ednez y Jes\u00fas Pe\u00f1a<\/p>\n<p><strong>ILUMINACI\u00d3N:<\/strong> Xiqui Rodr\u00edguez<\/p>\n<p><strong>DRAMATURGIA:<\/strong> Jes\u00fas Pe\u00f1a (sobre las novelas de Luis Mateo D\u00edez y la obra \u00abCelama\u00bb de Luis<\/p>\n<p>Mateo D\u00edez y Fernando Urdiales)<\/p>\n<p><strong>Colaboraci\u00f3n musical:<\/strong> Paula Mendoza<\/p>\n<p><strong>Realizaci\u00f3n escenogr\u00e1fica:<\/strong> Manuel Alonso, Miguel \u00c1ngel Mart\u00ednez, Eugenia Navajo y\u00a0Fernando Hern\u00e1ndez<\/p>\n<p><strong>Vestuario:<\/strong> Fernando Urdiales, Eugenia Navajo y Miguel \u00c1ngel Mart\u00ednez<\/p>\n<p><strong>M\u00e1scaras y mu\u00f1ecos:<\/strong> Jes\u00fas Pe\u00f1a, Teresa L\u00e1zaro y Olga Mansilla<\/p>\n<\/div><\/div><\/div><div class=\"fusion-layout-column fusion_builder_column fusion-builder-column-6 fusion_builder_column_1_1 1_1 fusion-flex-column\" style=\"--awb-bg-size:cover;--awb-width-large:100%;--awb-margin-top-large:0px;--awb-spacing-right-large:1.92%;--awb-margin-bottom-large:0px;--awb-spacing-left-large:1.92%;--awb-width-medium:100%;--awb-order-medium:0;--awb-spacing-right-medium:1.92%;--awb-spacing-left-medium:1.92%;--awb-width-small:100%;--awb-order-small:0;--awb-spacing-right-small:1.92%;--awb-spacing-left-small:1.92%;\"><div class=\"fusion-column-wrapper fusion-column-has-shadow fusion-flex-justify-content-flex-start fusion-content-layout-column\"><div class=\"fusion-text fusion-text-6\"><h5><a href=\"https:\/\/www.feriadeteatro.es\/feria2023\/cuadrante-programacion-2023.htm\">[volver al cuadrante de programaci\u00f3n]<\/a><\/h5>\n<\/div><\/div><\/div><\/div><\/div>\n","protected":false},"excerpt":{"rendered":"","protected":false},"author":1,"featured_media":0,"parent":0,"menu_order":0,"comment_status":"closed","ping_status":"closed","template":"","meta":{"footnotes":""},"class_list":["post-9005","page","type-page","status-publish","hentry"],"_links":{"self":[{"href":"https:\/\/feriadeteatro.com\/feria2023\/wp-json\/wp\/v2\/pages\/9005","targetHints":{"allow":["GET"]}}],"collection":[{"href":"https:\/\/feriadeteatro.com\/feria2023\/wp-json\/wp\/v2\/pages"}],"about":[{"href":"https:\/\/feriadeteatro.com\/feria2023\/wp-json\/wp\/v2\/types\/page"}],"author":[{"embeddable":true,"href":"https:\/\/feriadeteatro.com\/feria2023\/wp-json\/wp\/v2\/users\/1"}],"replies":[{"embeddable":true,"href":"https:\/\/feriadeteatro.com\/feria2023\/wp-json\/wp\/v2\/comments?post=9005"}],"version-history":[{"count":7,"href":"https:\/\/feriadeteatro.com\/feria2023\/wp-json\/wp\/v2\/pages\/9005\/revisions"}],"predecessor-version":[{"id":9016,"href":"https:\/\/feriadeteatro.com\/feria2023\/wp-json\/wp\/v2\/pages\/9005\/revisions\/9016"}],"wp:attachment":[{"href":"https:\/\/feriadeteatro.com\/feria2023\/wp-json\/wp\/v2\/media?parent=9005"}],"curies":[{"name":"wp","href":"https:\/\/api.w.org\/{rel}","templated":true}]}}

<div class="fusion-fullwidth fullwidth-box fusion-builder-row-1 fusion-flex-container nonhundred-percent-fullwidth non-hundred-percent-height-scrolling" style="--awb-border-radius-top-left:0px;--awb-border-radius-top-right:0px;--awb-border-radius-bottom-right:0px;--awb-border-radius-bottom-left:0px;--awb-flex-wrap:wrap;" ><div class="fusion-builder-row fusion-row fusion-flex-align-items-flex-start fusion-flex-content-wrap" style="max-width:1216.8px;margin-left: calc(-4% / 2 );margin-right: calc(-4% / 2 );"><div class="fusion-layout-column fusion_builder_column fusion-builder-column-0 fusion_builder_column_1_1 1_1 fusion-flex-column" style="--awb-bg-size:cover;--awb-width-large:100%;--awb-margin-top-large:0px;--awb-spacing-right-large:1.92%;--awb-margin-bottom-large:0px;--awb-spacing-left-large:1.92%;--awb-width-medium:100%;--awb-order-medium:0;--awb-spacing-right-medium:1.92%;--awb-spacing-left-medium:1.92%;--awb-width-small:100%;--awb-order-small:0;--awb-spacing-right-small:1.92%;--awb-spacing-left-small:1.92%;"><div class="fusion-column-wrapper fusion-column-has-shadow fusion-flex-justify-content-flex-start fusion-content-layout-column"><div class="fusion-text fusion-text-1"><h2 style="text-align: center;">TEATRO CORSARIO</h2>
</div><div class="fusion-text fusion-text-2"><h3 style="text-align: center;">Retorno a Celama</h3>
</div><div class="fusion-separator fusion-full-width-sep" style="align-self: center;margin-left: auto;margin-right: auto;width:100%;"><div class="fusion-separator-border sep-single sep-solid" style="--awb-height:20px;--awb-amount:20px;border-color:#e0dede;border-top-width:1px;"></div></div><div class="fusion-separator fusion-full-width-sep" style="align-self: center;margin-left: auto;margin-right: auto;margin-top:20px;margin-bottom:20px;width:100%;"></div></div></div><div class="fusion-layout-column fusion_builder_column fusion-builder-column-1 fusion_builder_column_1_2 1_2 fusion-flex-column" style="--awb-padding-top:10px;--awb-padding-right:10px;--awb-padding-left:10px;--awb-bg-color:#f4f4f4;--awb-bg-color-hover:#f4f4f4;--awb-bg-size:cover;--awb-width-large:50%;--awb-margin-top-large:0px;--awb-spacing-right-large:3.84%;--awb-margin-bottom-large:0px;--awb-spacing-left-large:3.84%;--awb-width-medium:100%;--awb-order-medium:0;--awb-spacing-right-medium:1.92%;--awb-spacing-left-medium:1.92%;--awb-width-small:100%;--awb-order-small:0;--awb-spacing-right-small:1.92%;--awb-spacing-left-small:1.92%;"><div class="fusion-column-wrapper fusion-column-has-shadow fusion-flex-justify-content-flex-start fusion-content-layout-column"><div class="fusion-text fusion-text-3"><p><strong>Día:</strong> Martes 22<br />
<strong>Lugar:</strong> <a href="https://goo.gl/maps/VrqE4h2yh1Y7AXK47" target="_blank" rel="noopener">Teatro Nuevo Fernando Arrabal</a><br />
<strong>Hora:</strong> 18:00h</p>
<h4>DATOS DE CONTACTO:</h4>
<p><strong>Persona de contacto:</strong> Jesús Peña<br />
<strong>Teléfono:</strong> <a href="tel:+34983302637">+34 983302637</a> &#8211; <a href="http://+34607704975">+34 607704975</a><br />
<strong>Dirección postal:</strong> C/ Recoletas, 4, 2º A, 47006 Valladolid<br />
<strong>Email:</strong> <a href="mailto:corsario@teatrocorsario.com">corsario@teatrocorsario.com</a><br />
<strong>Página web:</strong> <a href="https://www.teatrocorsario.com/" target="_blank" rel="noopener">www.teatrocorsario.com/</a></p>
</div></div></div><div class="fusion-layout-column fusion_builder_column fusion-builder-column-2 fusion_builder_column_1_2 1_2 fusion-flex-column" style="--awb-bg-size:cover;--awb-width-large:50%;--awb-margin-top-large:0px;--awb-spacing-right-large:3.84%;--awb-margin-bottom-large:0px;--awb-spacing-left-large:3.84%;--awb-width-medium:100%;--awb-order-medium:0;--awb-spacing-right-medium:1.92%;--awb-spacing-left-medium:1.92%;--awb-width-small:100%;--awb-order-small:0;--awb-spacing-right-small:1.92%;--awb-spacing-left-small:1.92%;"><div class="fusion-column-wrapper fusion-column-has-shadow fusion-flex-justify-content-flex-start fusion-content-layout-column"><div class="fusion-image-element " style="--awb-caption-title-font-family:var(--h2_typography-font-family);--awb-caption-title-font-weight:var(--h2_typography-font-weight);--awb-caption-title-font-style:var(--h2_typography-font-style);--awb-caption-title-size:var(--h2_typography-font-size);--awb-caption-title-transform:var(--h2_typography-text-transform);--awb-caption-title-line-height:var(--h2_typography-line-height);--awb-caption-title-letter-spacing:var(--h2_typography-letter-spacing);"><span class=" fusion-imageframe imageframe-none imageframe-1 hover-type-none"><img decoding="async" width="800" height="800" title="foto-corsario" data-src="https://feriadeteatro.com/feria2023/wp-content/uploads/2023/06/foto-corsario.jpg" alt class="img-responsive wp-image-8935 lazyload" data-srcset="https://feriadeteatro.com/feria2023/wp-content/uploads/2023/06/foto-corsario-200x200.jpg 200w, https://feriadeteatro.com/feria2023/wp-content/uploads/2023/06/foto-corsario-400x400.jpg 400w, https://feriadeteatro.com/feria2023/wp-content/uploads/2023/06/foto-corsario-600x600.jpg 600w, https://feriadeteatro.com/feria2023/wp-content/uploads/2023/06/foto-corsario.jpg 800w" data-sizes="(max-width: 1024px) 100vw, (max-width: 640px) 100vw, 600px" src="data:image/svg+xml;base64,PHN2ZyB3aWR0aD0iMSIgaGVpZ2h0PSIxIiB4bWxucz0iaHR0cDovL3d3dy53My5vcmcvMjAwMC9zdmciPjwvc3ZnPg==" style="--smush-placeholder-width: 800px; --smush-placeholder-aspect-ratio: 800/800;" /></span></div></div></div><div class="fusion-layout-column fusion_builder_column fusion-builder-column-3 fusion_builder_column_1_1 1_1 fusion-flex-column" style="--awb-bg-color:#ffffff;--awb-bg-color-hover:#ffffff;--awb-bg-size:cover;--awb-width-large:100%;--awb-margin-top-large:0px;--awb-spacing-right-large:1.92%;--awb-margin-bottom-large:0px;--awb-spacing-left-large:1.92%;--awb-width-medium:100%;--awb-order-medium:0;--awb-spacing-right-medium:1.92%;--awb-spacing-left-medium:1.92%;--awb-width-small:100%;--awb-order-small:0;--awb-spacing-right-small:1.92%;--awb-spacing-left-small:1.92%;"><div class="fusion-column-wrapper fusion-column-has-shadow fusion-flex-justify-content-flex-start fusion-content-layout-column"><div class="fusion-text fusion-text-4"><h4>SINOPSIS:</h4>
<p style="text-align: justify;">RETORNO A CELAMA es un insólito espectáculo que se adentra en el realismo mágico de las novelas del leonés Luis Mateo Díez, Premio Nacional de las Letras Españolas.</p>
<p style="text-align: justify;">TEATRO CORSARIO regresa con este nuevo montaje al universo de Celama, una comarca poblada por fantasmas, situada en el territorio del mito, la imaginación y la memoria. Una gran metáfora sobre la desaparición de las culturas campesinas que nos lleva, con estremecimiento y con humor, a lo más hondo y misterioso del corazón humano.</p>
</div></div></div><div class="fusion-layout-column fusion_builder_column fusion-builder-column-4 fusion_builder_column_1_2 1_2 fusion-flex-column" style="--awb-bg-color:#ffffff;--awb-bg-color-hover:#ffffff;--awb-bg-size:cover;--awb-width-large:50%;--awb-margin-top-large:0px;--awb-spacing-right-large:3.84%;--awb-margin-bottom-large:0px;--awb-spacing-left-large:3.84%;--awb-width-medium:100%;--awb-order-medium:0;--awb-spacing-right-medium:1.92%;--awb-spacing-left-medium:1.92%;--awb-width-small:100%;--awb-order-small:0;--awb-spacing-right-small:1.92%;--awb-spacing-left-small:1.92%;"><div class="fusion-column-wrapper fusion-column-has-shadow fusion-flex-justify-content-flex-start fusion-content-layout-column"></div></div><div class="fusion-layout-column fusion_builder_column fusion-builder-column-5 fusion_builder_column_1_2 1_2 fusion-flex-column" style="--awb-bg-color:#ffffff;--awb-bg-color-hover:#ffffff;--awb-bg-size:cover;--awb-width-large:50%;--awb-margin-top-large:0px;--awb-spacing-right-large:3.84%;--awb-margin-bottom-large:0px;--awb-spacing-left-large:3.84%;--awb-width-medium:100%;--awb-order-medium:0;--awb-spacing-right-medium:1.92%;--awb-spacing-left-medium:1.92%;--awb-width-small:100%;--awb-order-small:0;--awb-spacing-right-small:1.92%;--awb-spacing-left-small:1.92%;"><div class="fusion-column-wrapper fusion-column-has-shadow fusion-flex-justify-content-flex-start fusion-content-layout-column"><div class="fusion-text fusion-text-5"><h4>FICHA ARTÍSTICA</h4>
<p><strong>DIRECCIÓN:</strong> Jesús Peña</p>
<p><strong>REPARTO:</strong></p>
<p>Doctor Cuende, Fulvio Llama y Liviano Ariga: Carlos Pinedo</p>
<p>La Muerte, Pastor, Telurio, Don Selmo y Ciro: Jesús Peña</p>
<p>La Madre, Enferma 1, Dolida, Doña Viña, Tres, Pelagra y Burlona: Clara Parada</p>
<p>Tamarila, Enferma 2, Sucinta, Dos y Muridia: Teresa Lázaro</p>
<p><strong>MÚSICA:</strong> Juan Carlos Martín</p>
<p><strong>SONIDO:</strong> Xabi Sainz</p>
<p><strong>ESCENOGRAFÍA:</strong> Fernando Urdiales, Miguel Ángel Martínez y Jesús Peña</p>
<p><strong>ILUMINACIÓN:</strong> Xiqui Rodríguez</p>
<p><strong>DRAMATURGIA:</strong> Jesús Peña (sobre las novelas de Luis Mateo Díez y la obra «Celama» de Luis</p>
<p>Mateo Díez y Fernando Urdiales)</p>
<p><strong>Colaboración musical:</strong> Paula Mendoza</p>
<p><strong>Realización escenográfica:</strong> Manuel Alonso, Miguel Ángel Martínez, Eugenia Navajo y Fernando Hernández</p>
<p><strong>Vestuario:</strong> Fernando Urdiales, Eugenia Navajo y Miguel Ángel Martínez</p>
<p><strong>Máscaras y muñecos:</strong> Jesús Peña, Teresa Lázaro y Olga Mansilla</p>
</div></div></div><div class="fusion-layout-column fusion_builder_column fusion-builder-column-6 fusion_builder_column_1_1 1_1 fusion-flex-column" style="--awb-bg-size:cover;--awb-width-large:100%;--awb-margin-top-large:0px;--awb-spacing-right-large:1.92%;--awb-margin-bottom-large:0px;--awb-spacing-left-large:1.92%;--awb-width-medium:100%;--awb-order-medium:0;--awb-spacing-right-medium:1.92%;--awb-spacing-left-medium:1.92%;--awb-width-small:100%;--awb-order-small:0;--awb-spacing-right-small:1.92%;--awb-spacing-left-small:1.92%;"><div class="fusion-column-wrapper fusion-column-has-shadow fusion-flex-justify-content-flex-start fusion-content-layout-column"><div class="fusion-text fusion-text-6"><h5><a href="https://www.feriadeteatro.es/feria2023/cuadrante-programacion-2023.htm">[volver al cuadrante de programación]</a></h5>
</div></div></div></div></div>
