{"id":9272,"date":"2023-07-29T16:44:59","date_gmt":"2023-07-29T16:44:59","guid":{"rendered":"https:\/\/feriadeteatro.com\/feria2023\/?page_id=9272"},"modified":"2023-07-29T17:08:46","modified_gmt":"2023-07-29T17:08:46","slug":"presentacion-aeda","status":"publish","type":"page","link":"https:\/\/feriadeteatro.com\/feria2023\/presentacion-aeda\/","title":{"rendered":"Presentaci\u00f3n AEDA"},"content":{"rendered":"<div class=\"fusion-fullwidth fullwidth-box fusion-builder-row-1 fusion-flex-container nonhundred-percent-fullwidth non-hundred-percent-height-scrolling\" style=\"--awb-border-radius-top-left:0px;--awb-border-radius-top-right:0px;--awb-border-radius-bottom-right:0px;--awb-border-radius-bottom-left:0px;--awb-flex-wrap:wrap;\" ><div class=\"fusion-builder-row fusion-row fusion-flex-align-items-flex-start fusion-flex-content-wrap\" style=\"max-width:1216.8px;margin-left: calc(-4% \/ 2 );margin-right: calc(-4% \/ 2 );\"><div class=\"fusion-layout-column fusion_builder_column fusion-builder-column-0 fusion_builder_column_1_1 1_1 fusion-flex-column\" style=\"--awb-bg-size:cover;--awb-width-large:100%;--awb-margin-top-large:0px;--awb-spacing-right-large:1.92%;--awb-margin-bottom-large:0px;--awb-spacing-left-large:1.92%;--awb-width-medium:100%;--awb-spacing-right-medium:1.92%;--awb-spacing-left-medium:1.92%;--awb-width-small:100%;--awb-spacing-right-small:1.92%;--awb-spacing-left-small:1.92%;\"><div class=\"fusion-column-wrapper fusion-column-has-shadow fusion-flex-justify-content-flex-start fusion-content-layout-column\"><div class=\"fusion-text fusion-text-1\"><h2 style=\"text-align: center;\">Presentaci\u00f3n de la AEDA<br \/>\nAsociaci\u00f3n de Profesionales de la Narraci\u00f3n Oral en Espa\u00f1a<\/h2>\n<\/div><div class=\"fusion-separator fusion-full-width-sep\" style=\"align-self: center;margin-left: auto;margin-right: auto;margin-top:15px;margin-bottom:15px;width:100%;\"><div class=\"fusion-separator-border sep-single sep-solid\" style=\"--awb-height:20px;--awb-amount:20px;border-color:#e0dede;border-top-width:1px;\"><\/div><\/div><\/div><\/div><div class=\"fusion-layout-column fusion_builder_column fusion-builder-column-1 fusion_builder_column_1_2 1_2 fusion-flex-column\" style=\"--awb-padding-top:30px;--awb-padding-right:30px;--awb-padding-bottom:30px;--awb-padding-left:30px;--awb-bg-color:#eaeaea;--awb-bg-color-hover:#eaeaea;--awb-bg-size:cover;--awb-width-large:50%;--awb-margin-top-large:0px;--awb-spacing-right-large:3.84%;--awb-margin-bottom-large:0px;--awb-spacing-left-large:3.84%;--awb-width-medium:100%;--awb-spacing-right-medium:1.92%;--awb-spacing-left-medium:1.92%;--awb-width-small:100%;--awb-spacing-right-small:1.92%;--awb-spacing-left-small:1.92%;\"><div class=\"fusion-column-wrapper fusion-column-has-shadow fusion-flex-justify-content-flex-start fusion-content-layout-column\"><div class=\"fusion-text fusion-text-2\"><p>Jueves 24 de agosto, a las 10:00 h.<br \/>\nEntrada con acreditaci\u00f3n profesional<br \/>\n<a href=\"https:\/\/goo.gl\/maps\/Yw3YGiz7zLCCf9Pv8\" target=\"_blank\" rel=\"noopener\">Sal\u00f3n de Actos Colegio Misioneras La Providencia &#8211; Sta Teresa<\/a>. C. Velayos<\/p>\n<\/div><\/div><\/div><div class=\"fusion-layout-column fusion_builder_column fusion-builder-column-2 fusion_builder_column_1_2 1_2 fusion-flex-column\" style=\"--awb-bg-color:#ffffff;--awb-bg-color-hover:#ffffff;--awb-bg-size:cover;--awb-width-large:50%;--awb-margin-top-large:0px;--awb-spacing-right-large:3.84%;--awb-margin-bottom-large:0px;--awb-spacing-left-large:3.84%;--awb-width-medium:100%;--awb-spacing-right-medium:1.92%;--awb-spacing-left-medium:1.92%;--awb-width-small:100%;--awb-spacing-right-small:1.92%;--awb-spacing-left-small:1.92%;\"><div class=\"fusion-column-wrapper fusion-column-has-shadow fusion-flex-justify-content-flex-start fusion-content-layout-column\"><div class=\"fusion-image-element \" style=\"--awb-caption-title-font-family:var(--h2_typography-font-family);--awb-caption-title-font-weight:var(--h2_typography-font-weight);--awb-caption-title-font-style:var(--h2_typography-font-style);--awb-caption-title-size:var(--h2_typography-font-size);--awb-caption-title-transform:var(--h2_typography-text-transform);--awb-caption-title-line-height:var(--h2_typography-line-height);--awb-caption-title-letter-spacing:var(--h2_typography-letter-spacing);\"><span class=\" fusion-imageframe imageframe-dropshadow imageframe-1 hover-type-zoomin\" style=\"-webkit-box-shadow: 4px 4px 8px rgba(0,0,0,0.3);box-shadow: 4px 4px 8px rgba(0,0,0,0.3);\"><img decoding=\"async\" width=\"600\" height=\"463\" title=\"aeda\" data-src=\"https:\/\/feriadeteatro.com\/feria2023\/wp-content\/uploads\/2023\/07\/aeda.jpg\" alt class=\"img-responsive wp-image-9273 lazyload\" data-srcset=\"https:\/\/feriadeteatro.com\/feria2023\/wp-content\/uploads\/2023\/07\/aeda-200x154.jpg 200w, https:\/\/feriadeteatro.com\/feria2023\/wp-content\/uploads\/2023\/07\/aeda-400x309.jpg 400w, https:\/\/feriadeteatro.com\/feria2023\/wp-content\/uploads\/2023\/07\/aeda.jpg 600w\" data-sizes=\"(max-width: 1024px) 100vw, (max-width: 640px) 100vw, 600px\" src=\"data:image\/svg+xml;base64,PHN2ZyB3aWR0aD0iMSIgaGVpZ2h0PSIxIiB4bWxucz0iaHR0cDovL3d3dy53My5vcmcvMjAwMC9zdmciPjwvc3ZnPg==\" style=\"--smush-placeholder-width: 600px; --smush-placeholder-aspect-ratio: 600\/463;\" \/><\/span><\/div><\/div><\/div><div class=\"fusion-layout-column fusion_builder_column fusion-builder-column-3 fusion_builder_column_1_1 1_1 fusion-flex-column\" style=\"--awb-padding-top:30px;--awb-padding-right:30px;--awb-padding-bottom:30px;--awb-padding-left:30px;--awb-bg-color:#ffffff;--awb-bg-color-hover:#ffffff;--awb-bg-size:cover;--awb-width-large:100%;--awb-margin-top-large:0px;--awb-spacing-right-large:1.92%;--awb-margin-bottom-large:0px;--awb-spacing-left-large:1.92%;--awb-width-medium:100%;--awb-spacing-right-medium:1.92%;--awb-spacing-left-medium:1.92%;--awb-width-small:100%;--awb-spacing-right-small:1.92%;--awb-spacing-left-small:1.92%;\"><div class=\"fusion-column-wrapper fusion-column-has-shadow fusion-flex-justify-content-flex-start fusion-content-layout-column\"><div class=\"fusion-text fusion-text-3\"><p style=\"text-align: justify;\">La narraci\u00f3n oral es la disciplina art\u00edstica que se ocupa del acto de contar de viva voz, usando exclusiva o primordialmente la palabra, en un contacto directo y rec\u00edproco con el auditorio. La narraci\u00f3n oral hunde sus ra\u00edces en la tradici\u00f3n de contar historias y en la actualidad convive con ella, aunque en un contexto esc\u00e9nico.<br \/>\nEn enero de 2010 se constituy\u00f3 legalmente la asociaci\u00f3n, cuya denominaci\u00f3n definitiva fue AEDA, Asociaci\u00f3n de Profesionales de la Narraci\u00f3n Oral en Espa\u00f1a; hoy cuenta con medio centenar de miembros. Es una Asociaci\u00f3n muy activa que se ha convertido en referente de los narradores\/as profesionales, pero tambi\u00e9n de aquellas personas interesadas en el arte de contar historias de la Pen\u00ednsula, y tambi\u00e9n de Iberoam\u00e9rica. En su web www.narracionoral.es hay publicados miles de art\u00edculos y boletines sobre el oficio que versan sobre temas que nos afectan de una u otra manera, desde textos sobre el cuento popular o rese\u00f1as de libros, hasta otros sobre temas m\u00e1s pr\u00e1cticos, como impuestos o elaboraci\u00f3n de un presupuesto.<br \/>\nAEDA trabaja por estrechar el v\u00ednculo entre los profesionales de la narraci\u00f3n oral esc\u00e9nica y las ferias y festivales de nuestro pa\u00eds. uno de sus objetivos principales es conseguir que la narraci\u00f3n oral sea considerada un arte esc\u00e9nico m\u00e1s, con sus propias caracter\u00edsticas, diferenciada del teatro pero con cabida en estos eventos, al igual que lo tienen otras disciplinas como la danza o el circo.<br \/>\nEn una reciente encuesta informal realizada entre sus asociados\/as, conclu\u00eda que solo un 12 % hab\u00eda llevado alguna vez un espect\u00e1culo de narraci\u00f3n oral a una Feria de Teatro, mientras que a un 37 % lo hab\u00edan programado en una Red de Teatros. Por ello, con el objetivo de difundir el trabajo de estos profesionales esc\u00e9nicos y el impulso de la AEDA, hemos organizado una sesi\u00f3n de presentaci\u00f3n, por parte de representantes de su junta directiva y asociados, con el prop\u00f3sito de conocer la labor de divulgaci\u00f3n, dignificaci\u00f3n y reivindicaci\u00f3n del oficio de contar historias de modo esc\u00e9nico.<\/p>\n<\/div><\/div><\/div><div class=\"fusion-layout-column fusion_builder_column fusion-builder-column-4 fusion_builder_column_1_1 1_1 fusion-flex-column\" style=\"--awb-bg-size:cover;--awb-width-large:100%;--awb-margin-top-large:0px;--awb-spacing-right-large:1.92%;--awb-margin-bottom-large:0px;--awb-spacing-left-large:1.92%;--awb-width-medium:100%;--awb-spacing-right-medium:1.92%;--awb-spacing-left-medium:1.92%;--awb-width-small:100%;--awb-spacing-right-small:1.92%;--awb-spacing-left-small:1.92%;\"><div class=\"fusion-column-wrapper fusion-column-has-shadow fusion-flex-justify-content-flex-start fusion-content-layout-column\"><div class=\"fusion-text fusion-text-4\"><h5><a href=\"https:\/\/www.feriadeteatro.es\/feria2023\/complementarias2023.htm\">[volver al cuadrante de programaci\u00f3n]<\/a><\/h5>\n<\/div><\/div><\/div><\/div><\/div>\n","protected":false},"excerpt":{"rendered":"","protected":false},"author":1,"featured_media":0,"parent":0,"menu_order":0,"comment_status":"closed","ping_status":"closed","template":"","meta":{"footnotes":""},"class_list":["post-9272","page","type-page","status-publish","hentry"],"_links":{"self":[{"href":"https:\/\/feriadeteatro.com\/feria2023\/wp-json\/wp\/v2\/pages\/9272","targetHints":{"allow":["GET"]}}],"collection":[{"href":"https:\/\/feriadeteatro.com\/feria2023\/wp-json\/wp\/v2\/pages"}],"about":[{"href":"https:\/\/feriadeteatro.com\/feria2023\/wp-json\/wp\/v2\/types\/page"}],"author":[{"embeddable":true,"href":"https:\/\/feriadeteatro.com\/feria2023\/wp-json\/wp\/v2\/users\/1"}],"replies":[{"embeddable":true,"href":"https:\/\/feriadeteatro.com\/feria2023\/wp-json\/wp\/v2\/comments?post=9272"}],"version-history":[{"count":2,"href":"https:\/\/feriadeteatro.com\/feria2023\/wp-json\/wp\/v2\/pages\/9272\/revisions"}],"predecessor-version":[{"id":9280,"href":"https:\/\/feriadeteatro.com\/feria2023\/wp-json\/wp\/v2\/pages\/9272\/revisions\/9280"}],"wp:attachment":[{"href":"https:\/\/feriadeteatro.com\/feria2023\/wp-json\/wp\/v2\/media?parent=9272"}],"curies":[{"name":"wp","href":"https:\/\/api.w.org\/{rel}","templated":true}]}}

Presentación AEDA

<div class="fusion-fullwidth fullwidth-box fusion-builder-row-1 fusion-flex-container nonhundred-percent-fullwidth non-hundred-percent-height-scrolling" style="--awb-border-radius-top-left:0px;--awb-border-radius-top-right:0px;--awb-border-radius-bottom-right:0px;--awb-border-radius-bottom-left:0px;--awb-flex-wrap:wrap;" ><div class="fusion-builder-row fusion-row fusion-flex-align-items-flex-start fusion-flex-content-wrap" style="max-width:1216.8px;margin-left: calc(-4% / 2 );margin-right: calc(-4% / 2 );"><div class="fusion-layout-column fusion_builder_column fusion-builder-column-0 fusion_builder_column_1_1 1_1 fusion-flex-column" style="--awb-bg-size:cover;--awb-width-large:100%;--awb-margin-top-large:0px;--awb-spacing-right-large:1.92%;--awb-margin-bottom-large:0px;--awb-spacing-left-large:1.92%;--awb-width-medium:100%;--awb-spacing-right-medium:1.92%;--awb-spacing-left-medium:1.92%;--awb-width-small:100%;--awb-spacing-right-small:1.92%;--awb-spacing-left-small:1.92%;"><div class="fusion-column-wrapper fusion-column-has-shadow fusion-flex-justify-content-flex-start fusion-content-layout-column"><div class="fusion-text fusion-text-1"><h2 style="text-align: center;">Presentación de la AEDA<br />
Asociación de Profesionales de la Narración Oral en España</h2>
</div><div class="fusion-separator fusion-full-width-sep" style="align-self: center;margin-left: auto;margin-right: auto;margin-top:15px;margin-bottom:15px;width:100%;"><div class="fusion-separator-border sep-single sep-solid" style="--awb-height:20px;--awb-amount:20px;border-color:#e0dede;border-top-width:1px;"></div></div></div></div><div class="fusion-layout-column fusion_builder_column fusion-builder-column-1 fusion_builder_column_1_2 1_2 fusion-flex-column" style="--awb-padding-top:30px;--awb-padding-right:30px;--awb-padding-bottom:30px;--awb-padding-left:30px;--awb-bg-color:#eaeaea;--awb-bg-color-hover:#eaeaea;--awb-bg-size:cover;--awb-width-large:50%;--awb-margin-top-large:0px;--awb-spacing-right-large:3.84%;--awb-margin-bottom-large:0px;--awb-spacing-left-large:3.84%;--awb-width-medium:100%;--awb-spacing-right-medium:1.92%;--awb-spacing-left-medium:1.92%;--awb-width-small:100%;--awb-spacing-right-small:1.92%;--awb-spacing-left-small:1.92%;"><div class="fusion-column-wrapper fusion-column-has-shadow fusion-flex-justify-content-flex-start fusion-content-layout-column"><div class="fusion-text fusion-text-2"><p>Jueves 24 de agosto, a las 10:00 h.<br />
Entrada con acreditación profesional<br />
<a href="https://goo.gl/maps/Yw3YGiz7zLCCf9Pv8" target="_blank" rel="noopener">Salón de Actos Colegio Misioneras La Providencia &#8211; Sta Teresa</a>. C. Velayos</p>
</div></div></div><div class="fusion-layout-column fusion_builder_column fusion-builder-column-2 fusion_builder_column_1_2 1_2 fusion-flex-column" style="--awb-bg-color:#ffffff;--awb-bg-color-hover:#ffffff;--awb-bg-size:cover;--awb-width-large:50%;--awb-margin-top-large:0px;--awb-spacing-right-large:3.84%;--awb-margin-bottom-large:0px;--awb-spacing-left-large:3.84%;--awb-width-medium:100%;--awb-spacing-right-medium:1.92%;--awb-spacing-left-medium:1.92%;--awb-width-small:100%;--awb-spacing-right-small:1.92%;--awb-spacing-left-small:1.92%;"><div class="fusion-column-wrapper fusion-column-has-shadow fusion-flex-justify-content-flex-start fusion-content-layout-column"><div class="fusion-image-element " style="--awb-caption-title-font-family:var(--h2_typography-font-family);--awb-caption-title-font-weight:var(--h2_typography-font-weight);--awb-caption-title-font-style:var(--h2_typography-font-style);--awb-caption-title-size:var(--h2_typography-font-size);--awb-caption-title-transform:var(--h2_typography-text-transform);--awb-caption-title-line-height:var(--h2_typography-line-height);--awb-caption-title-letter-spacing:var(--h2_typography-letter-spacing);"><span class=" fusion-imageframe imageframe-dropshadow imageframe-1 hover-type-zoomin" style="-webkit-box-shadow: 4px 4px 8px rgba(0,0,0,0.3);box-shadow: 4px 4px 8px rgba(0,0,0,0.3);"><img decoding="async" width="600" height="463" title="aeda" data-src="https://feriadeteatro.com/feria2023/wp-content/uploads/2023/07/aeda.jpg" alt class="img-responsive wp-image-9273 lazyload" data-srcset="https://feriadeteatro.com/feria2023/wp-content/uploads/2023/07/aeda-200x154.jpg 200w, https://feriadeteatro.com/feria2023/wp-content/uploads/2023/07/aeda-400x309.jpg 400w, https://feriadeteatro.com/feria2023/wp-content/uploads/2023/07/aeda.jpg 600w" data-sizes="(max-width: 1024px) 100vw, (max-width: 640px) 100vw, 600px" src="data:image/svg+xml;base64,PHN2ZyB3aWR0aD0iMSIgaGVpZ2h0PSIxIiB4bWxucz0iaHR0cDovL3d3dy53My5vcmcvMjAwMC9zdmciPjwvc3ZnPg==" style="--smush-placeholder-width: 600px; --smush-placeholder-aspect-ratio: 600/463;" /></span></div></div></div><div class="fusion-layout-column fusion_builder_column fusion-builder-column-3 fusion_builder_column_1_1 1_1 fusion-flex-column" style="--awb-padding-top:30px;--awb-padding-right:30px;--awb-padding-bottom:30px;--awb-padding-left:30px;--awb-bg-color:#ffffff;--awb-bg-color-hover:#ffffff;--awb-bg-size:cover;--awb-width-large:100%;--awb-margin-top-large:0px;--awb-spacing-right-large:1.92%;--awb-margin-bottom-large:0px;--awb-spacing-left-large:1.92%;--awb-width-medium:100%;--awb-spacing-right-medium:1.92%;--awb-spacing-left-medium:1.92%;--awb-width-small:100%;--awb-spacing-right-small:1.92%;--awb-spacing-left-small:1.92%;"><div class="fusion-column-wrapper fusion-column-has-shadow fusion-flex-justify-content-flex-start fusion-content-layout-column"><div class="fusion-text fusion-text-3"><p style="text-align: justify;">La narración oral es la disciplina artística que se ocupa del acto de contar de viva voz, usando exclusiva o primordialmente la palabra, en un contacto directo y recíproco con el auditorio. La narración oral hunde sus raíces en la tradición de contar historias y en la actualidad convive con ella, aunque en un contexto escénico.<br />
En enero de 2010 se constituyó legalmente la asociación, cuya denominación definitiva fue AEDA, Asociación de Profesionales de la Narración Oral en España; hoy cuenta con medio centenar de miembros. Es una Asociación muy activa que se ha convertido en referente de los narradores/as profesionales, pero también de aquellas personas interesadas en el arte de contar historias de la Península, y también de Iberoamérica. En su web www.narracionoral.es hay publicados miles de artículos y boletines sobre el oficio que versan sobre temas que nos afectan de una u otra manera, desde textos sobre el cuento popular o reseñas de libros, hasta otros sobre temas más prácticos, como impuestos o elaboración de un presupuesto.<br />
AEDA trabaja por estrechar el vínculo entre los profesionales de la narración oral escénica y las ferias y festivales de nuestro país. uno de sus objetivos principales es conseguir que la narración oral sea considerada un arte escénico más, con sus propias características, diferenciada del teatro pero con cabida en estos eventos, al igual que lo tienen otras disciplinas como la danza o el circo.<br />
En una reciente encuesta informal realizada entre sus asociados/as, concluía que solo un 12 % había llevado alguna vez un espectáculo de narración oral a una Feria de Teatro, mientras que a un 37 % lo habían programado en una Red de Teatros. Por ello, con el objetivo de difundir el trabajo de estos profesionales escénicos y el impulso de la AEDA, hemos organizado una sesión de presentación, por parte de representantes de su junta directiva y asociados, con el propósito de conocer la labor de divulgación, dignificación y reivindicación del oficio de contar historias de modo escénico.</p>
</div></div></div><div class="fusion-layout-column fusion_builder_column fusion-builder-column-4 fusion_builder_column_1_1 1_1 fusion-flex-column" style="--awb-bg-size:cover;--awb-width-large:100%;--awb-margin-top-large:0px;--awb-spacing-right-large:1.92%;--awb-margin-bottom-large:0px;--awb-spacing-left-large:1.92%;--awb-width-medium:100%;--awb-spacing-right-medium:1.92%;--awb-spacing-left-medium:1.92%;--awb-width-small:100%;--awb-spacing-right-small:1.92%;--awb-spacing-left-small:1.92%;"><div class="fusion-column-wrapper fusion-column-has-shadow fusion-flex-justify-content-flex-start fusion-content-layout-column"><div class="fusion-text fusion-text-4"><h5><a href="https://www.feriadeteatro.es/feria2023/complementarias2023.htm">[volver al cuadrante de programación]</a></h5>
</div></div></div></div></div>
