{"id":179,"date":"2017-08-04T12:07:13","date_gmt":"2017-08-04T12:07:13","guid":{"rendered":"http:\/\/feriadeteatro.es\/webmovil\/?page_id=179"},"modified":"2017-08-04T12:07:13","modified_gmt":"2017-08-04T12:07:13","slug":"cooperacion-y-trabajo-en-red","status":"publish","type":"page","link":"https:\/\/feriadeteatro.com\/feria2024\/cooperacion-y-trabajo-en-red\/","title":{"rendered":"Cooperaci\u00f3n y Trabajo en Red"},"content":{"rendered":"<p><div class=\"fusion-fullwidth fullwidth-box fusion-builder-row-1 nonhundred-percent-fullwidth non-hundred-percent-height-scrolling\" style=\"--awb-border-radius-top-left:0px;--awb-border-radius-top-right:0px;--awb-border-radius-bottom-right:0px;--awb-border-radius-bottom-left:0px;--awb-flex-wrap:wrap;\" ><div class=\"fusion-builder-row fusion-row\"><div class=\"fusion-layout-column fusion_builder_column fusion-builder-column-0 fusion_builder_column_1_1 1_1 fusion-one-full fusion-column-first fusion-column-last\" style=\"--awb-bg-size:cover;\"><div class=\"fusion-column-wrapper fusion-column-has-shadow fusion-flex-column-wrapper-legacy\"><div class=\"fusion-sep-clear\"><\/div><div class=\"fusion-separator fusion-full-width-sep\" style=\"margin-left: auto;margin-right: auto;margin-top:20px;margin-bottom:20px;width:100%;\"><\/div><div class=\"fusion-sep-clear\"><\/div><div class=\"fusion-clearfix\"><\/div><\/div><\/div><\/div><\/div><div class=\"fusion-fullwidth fullwidth-box fusion-builder-row-2 nonhundred-percent-fullwidth non-hundred-percent-height-scrolling\" style=\"--awb-border-radius-top-left:0px;--awb-border-radius-top-right:0px;--awb-border-radius-bottom-right:0px;--awb-border-radius-bottom-left:0px;--awb-flex-wrap:wrap;\" ><div class=\"fusion-builder-row fusion-row\"><div class=\"fusion-layout-column fusion_builder_column fusion-builder-column-1 fusion_builder_column_1_1 1_1 fusion-one-full fusion-column-first fusion-column-last\" style=\"--awb-bg-size:cover;\"><div class=\"fusion-column-wrapper fusion-flex-column-wrapper-legacy\"><div class=\"fusion-text fusion-text-1\"><h2><span style=\"color: #808080;\">Cooperaci\u00f3n y trabajo en red<\/span><\/h2>\n<h3><span style=\"color: #999999;\">COFAE<\/span><\/h3>\n<p style=\"text-align: justify;\">La Feria de Teatro de Castilla y Le\u00f3n est\u00e1 integrada en la Coordinadora de Ferias de Artes Esc\u00e9nicas, constituida en enero de 2006 y que aglutina algunas de las ferias teatrales m\u00e1s importantes del Estado espa\u00f1ol. Las ferias, distribuidas a lo largo del calendario anual, incluyen distintas especialidades, disciplinas art\u00edsticas, alcances territoriales, etc. Cada feria tiene su importancia y singularidad pero todas con un objetivo com\u00fan, intr\u00ednseco, el de conectar a profesionales de las artes esc\u00e9nicas para facilitar el intercambio comercial. Entre sus objetivos est\u00e1n: la coordinaci\u00f3n, comunicaci\u00f3n y colaboraci\u00f3n interna, la realizaci\u00f3n de estudios de mercado y la difusi\u00f3n del concepto de feria entre profesionales y compa\u00f1\u00edas tanto a nivel estatal como internacional. Adem\u00e1s, COFAE es el organismo representativo para establecer colaboraciones con otras entidades u organismos, as\u00ed como tambi\u00e9n es interlocutor con administraciones e instituciones p\u00fablicas.<\/p>\n<p style=\"text-align: justify;\"><img decoding=\"async\" class=\"alignnone size-full wp-image-267\" src=\"https:\/\/www.feriadeteatro.es\/webmovil2018\/wp-content\/uploads\/2017\/08\/fotocooperacionCOFAE.jpg\" alt=\"fotocooperacioncofae\" width=\"450\" height=\"307\" srcset=\"https:\/\/feriadeteatro.com\/feria2024\/wp-content\/uploads\/2017\/08\/fotocooperacionCOFAE-200x136.jpg 200w, https:\/\/feriadeteatro.com\/feria2024\/wp-content\/uploads\/2017\/08\/fotocooperacionCOFAE-300x205.jpg 300w, https:\/\/feriadeteatro.com\/feria2024\/wp-content\/uploads\/2017\/08\/fotocooperacionCOFAE-400x273.jpg 400w, https:\/\/feriadeteatro.com\/feria2024\/wp-content\/uploads\/2017\/08\/fotocooperacionCOFAE.jpg 450w\" sizes=\"(max-width: 450px) 100vw, 450px\" \/><\/p>\n<h3 style=\"text-align: justify;\"><span style=\"color: #999999;\">RED ESMARK<\/span><\/h3>\n<p style=\"text-align: justify;\">La Feria de Teatro de Castilla y Le\u00f3n junto al FITEI de Oporto y el Festival D. Quijote de Par\u00eds forman esta Red de colaboraci\u00f3n que ha sido creada con el apoyo de la Comisi\u00f3n Europea siguiendo las l\u00edneas prioritarias que esta marca en lo concerniente a pol\u00edtica cultural: creaci\u00f3n de proyectos sostenibles que ayuden a la comercializaci\u00f3n de las propuestas culturales como v\u00eda de generar empleo y riqueza, de fortalecer y crear industrias culturales.<br \/>\nEstas tres ferias y festivales de Artes Esc\u00e9nicas se han unido en esta Red para poner en marcha un proyecto que consta de tres l\u00edneas principales de trabajo:<br \/>\nMercado virtual de las Artes Esc\u00e9nicas.<br \/>\nIntercambio de profesionales de las Arte Esc\u00e9nicas.<br \/>\nFormaci\u00f3n, fomento y educaci\u00f3n de nuevos p\u00fablicos.<\/p>\n<h3><span style=\"color: #999999;\">PERIFERIAS<\/span><\/h3>\n<p>PERIFERIAS es una red de festivales regionales de artes esc\u00e9nicas de Iberoam\u00e9rica, integrada por festivales de Argentina, Chile, M\u00e9xico, Colombia, Uruguay, Brasil y Espa\u00f1a. La Feria de Teatro de Castilla y Le\u00f3n como entidad de derecho integrada en COFAE forma parte de esta red colaborativa, donde est\u00e1 representada por la Coordinadora estatal de ferias. El objetivo es visibilizar los festivales miembros de la red y propiciar el trabajo conjunto, contribuyendo al fortalecimiento de las artes esc\u00e9nicas a trav\u00e9s de la producci\u00f3n de instancias de formaci\u00f3n y encuentro.<\/p>\n<h3><span style=\"color: #999999;\"><strong>FERIA DE TEATRO DE MU\u00d1ECOS Y FORMAS ANIMADAS &#8211; FACE &#8211; MINHO &#8211; PORTUGAL<\/strong><\/span><\/h3>\n<p>La Feria de Teatro de Mu\u00f1ecos y Formas Animadas es un evento cultural de nueva creaci\u00f3n (su primera edici\u00f3n ser\u00e1 en 2016, del 7 al 9 de Julio) que pretende crear un mercado esc\u00e9nico de artes esc\u00e9nicas con nuevos lenguajes que van desde la contemporaneidad hasta lo tradicional y teniendo como elemento protagonista los t\u00edteres, objetos y formas animadas. Es un proyecto de FaFe Cidade das Artes (Plataforma Art\u00edstica y Cultural del Ayuntamiento de Fafe) con el cual la Feria de Teatro de Castilla y Le\u00f3n ha establecido colaboraci\u00f3n dentro de sus iniciativas de intercambio, dinamizaci\u00f3n y encuentro que lleva a cabo con el sector esc\u00e9nico luso.<\/p>\n<\/div><div class=\"fusion-clearfix\"><\/div><\/div><\/div><\/div><\/div><\/p>\n","protected":false},"excerpt":{"rendered":"","protected":false},"author":1,"featured_media":0,"parent":0,"menu_order":0,"comment_status":"closed","ping_status":"closed","template":"","meta":{"footnotes":""},"class_list":["post-179","page","type-page","status-publish","hentry"],"_links":{"self":[{"href":"https:\/\/feriadeteatro.com\/feria2024\/wp-json\/wp\/v2\/pages\/179","targetHints":{"allow":["GET"]}}],"collection":[{"href":"https:\/\/feriadeteatro.com\/feria2024\/wp-json\/wp\/v2\/pages"}],"about":[{"href":"https:\/\/feriadeteatro.com\/feria2024\/wp-json\/wp\/v2\/types\/page"}],"author":[{"embeddable":true,"href":"https:\/\/feriadeteatro.com\/feria2024\/wp-json\/wp\/v2\/users\/1"}],"replies":[{"embeddable":true,"href":"https:\/\/feriadeteatro.com\/feria2024\/wp-json\/wp\/v2\/comments?post=179"}],"version-history":[{"count":0,"href":"https:\/\/feriadeteatro.com\/feria2024\/wp-json\/wp\/v2\/pages\/179\/revisions"}],"wp:attachment":[{"href":"https:\/\/feriadeteatro.com\/feria2024\/wp-json\/wp\/v2\/media?parent=179"}],"curies":[{"name":"wp","href":"https:\/\/api.w.org\/{rel}","templated":true}]}}