{"id":44,"date":"2017-08-04T09:23:22","date_gmt":"2017-08-04T09:23:22","guid":{"rendered":"http:\/\/feriadeteatro.es\/webmovil\/?page_id=44"},"modified":"2024-11-08T09:06:57","modified_gmt":"2024-11-08T08:06:57","slug":"datos-companias-de-castilla-y-leon","status":"publish","type":"page","link":"https:\/\/feriadeteatro.com\/feria2024\/datos-companias-de-castilla-y-leon\/","title":{"rendered":"Datos compa\u00f1\u00edas de Castilla y Le\u00f3n"},"content":{"rendered":"<p><div class=\"fusion-fullwidth fullwidth-box fusion-builder-row-1 fusion-flex-container has-pattern-background has-mask-background nonhundred-percent-fullwidth non-hundred-percent-height-scrolling\" style=\"--awb-border-radius-top-left:0px;--awb-border-radius-top-right:0px;--awb-border-radius-bottom-right:0px;--awb-border-radius-bottom-left:0px;--awb-padding-top:20px;--awb-padding-right:10px;--awb-padding-bottom:20px;--awb-padding-left:10px;--awb-margin-top:-20px;--awb-margin-bottom:0px;--awb-background-color:#ffffff;--awb-flex-wrap:wrap;\" ><div class=\"fusion-builder-row fusion-row fusion-flex-align-items-flex-start fusion-flex-content-wrap\" style=\"max-width:1216.8px;margin-left: calc(-4% \/ 2 );margin-right: calc(-4% \/ 2 );\"><div class=\"fusion-layout-column fusion_builder_column fusion-builder-column-0 fusion_builder_column_1_1 1_1 fusion-flex-column\" style=\"--awb-bg-size:cover;--awb-width-large:100%;--awb-margin-top-large:0px;--awb-spacing-right-large:1.92%;--awb-margin-bottom-large:0px;--awb-spacing-left-large:1.92%;--awb-width-medium:100%;--awb-spacing-right-medium:1.92%;--awb-spacing-left-medium:1.92%;--awb-width-small:100%;--awb-spacing-right-small:1.92%;--awb-spacing-left-small:1.92%;\"><div class=\"fusion-column-wrapper fusion-column-has-shadow fusion-flex-justify-content-center fusion-content-layout-column\"><div class=\"fusion-title title fusion-title-1 fusion-title-text fusion-title-size-three\"><div class=\"title-sep-container title-sep-container-left fusion-no-large-visibility fusion-no-medium-visibility fusion-no-small-visibility\"><div class=\"title-sep sep-single sep-dashed\" style=\"border-color:#f46f72;\"><\/div><\/div><span class=\"awb-title-spacer fusion-no-large-visibility fusion-no-medium-visibility fusion-no-small-visibility\"><\/span><h3 class=\"fusion-title-heading title-heading-left\" style=\"margin:0;\"><h3>La Feria en cifras<\/h3><\/h3><span class=\"awb-title-spacer\"><\/span><div class=\"title-sep-container title-sep-container-right\"><div class=\"title-sep sep-single sep-dashed\" style=\"border-color:#f46f72;\"><\/div><\/div><\/div><\/div><\/div><div class=\"fusion-layout-column fusion_builder_column fusion-builder-column-1 fusion_builder_column_1_6 1_6 fusion-flex-column\" style=\"--awb-bg-size:cover;--awb-width-large:16.666666666667%;--awb-margin-top-large:0px;--awb-spacing-right-large:11.52%;--awb-margin-bottom-large:0px;--awb-spacing-left-large:11.52%;--awb-width-medium:100%;--awb-spacing-right-medium:1.92%;--awb-spacing-left-medium:1.92%;--awb-width-small:100%;--awb-spacing-right-small:1.92%;--awb-spacing-left-small:1.92%;\"><div class=\"fusion-column-wrapper fusion-column-has-shadow fusion-flex-justify-content-center fusion-content-layout-column\"><div class=\"fusion-image-element \" style=\"text-align:center;--awb-caption-title-font-family:var(--h2_typography-font-family);--awb-caption-title-font-weight:var(--h2_typography-font-weight);--awb-caption-title-font-style:var(--h2_typography-font-style);--awb-caption-title-size:var(--h2_typography-font-size);--awb-caption-title-transform:var(--h2_typography-text-transform);--awb-caption-title-line-height:var(--h2_typography-line-height);--awb-caption-title-letter-spacing:var(--h2_typography-letter-spacing);\"><span class=\" fusion-imageframe imageframe-none imageframe-1 hover-type-none\"><a class=\"fusion-no-lightbox\" href=\"https:\/\/feriadeteatro.com\/feria2024\/datos-companias\/\" target=\"_self\" aria-label=\"boton-datos-companias\"><img decoding=\"async\" width=\"250\" height=\"250\" src=\"https:\/\/feriadeteatro.com\/feria2024\/wp-content\/uploads\/2024\/08\/boton-datos-companias.jpg\" alt class=\"img-responsive wp-image-10785\" srcset=\"https:\/\/feriadeteatro.com\/feria2024\/wp-content\/uploads\/2024\/08\/boton-datos-companias-200x200.jpg 200w, https:\/\/feriadeteatro.com\/feria2024\/wp-content\/uploads\/2024\/08\/boton-datos-companias.jpg 250w\" sizes=\"(max-width: 1024px) 100vw, (max-width: 640px) 100vw, 200px\" \/><\/a><\/span><\/div><\/div><\/div><div class=\"fusion-layout-column fusion_builder_column fusion-builder-column-2 fusion_builder_column_1_6 1_6 fusion-flex-column\" style=\"--awb-bg-size:cover;--awb-width-large:16.666666666667%;--awb-margin-top-large:0px;--awb-spacing-right-large:11.52%;--awb-margin-bottom-large:0px;--awb-spacing-left-large:11.52%;--awb-width-medium:100%;--awb-spacing-right-medium:1.92%;--awb-spacing-left-medium:1.92%;--awb-width-small:100%;--awb-spacing-right-small:1.92%;--awb-spacing-left-small:1.92%;\"><div class=\"fusion-column-wrapper fusion-column-has-shadow fusion-flex-justify-content-center fusion-content-layout-column\"><div class=\"fusion-image-element \" style=\"text-align:center;--awb-caption-title-font-family:var(--h2_typography-font-family);--awb-caption-title-font-weight:var(--h2_typography-font-weight);--awb-caption-title-font-style:var(--h2_typography-font-style);--awb-caption-title-size:var(--h2_typography-font-size);--awb-caption-title-transform:var(--h2_typography-text-transform);--awb-caption-title-line-height:var(--h2_typography-line-height);--awb-caption-title-letter-spacing:var(--h2_typography-letter-spacing);\"><span class=\" fusion-imageframe imageframe-none imageframe-2 hover-type-none\"><a class=\"fusion-no-lightbox\" href=\"https:\/\/feriadeteatro.com\/feria2024\/datos-companias-de-castilla-y-leon\/\" target=\"_self\" aria-label=\"boton-datos-companias-cyl\"><img decoding=\"async\" width=\"250\" height=\"250\" src=\"https:\/\/feriadeteatro.com\/feria2024\/wp-content\/uploads\/2024\/08\/boton-datos-companias-cyl.jpg\" alt class=\"img-responsive wp-image-10783\" srcset=\"https:\/\/feriadeteatro.com\/feria2024\/wp-content\/uploads\/2024\/08\/boton-datos-companias-cyl-200x200.jpg 200w, https:\/\/feriadeteatro.com\/feria2024\/wp-content\/uploads\/2024\/08\/boton-datos-companias-cyl.jpg 250w\" sizes=\"(max-width: 1024px) 100vw, (max-width: 640px) 100vw, 200px\" \/><\/a><\/span><\/div><\/div><\/div><div class=\"fusion-layout-column fusion_builder_column fusion-builder-column-3 fusion_builder_column_1_6 1_6 fusion-flex-column\" style=\"--awb-bg-size:cover;--awb-width-large:16.666666666667%;--awb-margin-top-large:0px;--awb-spacing-right-large:11.52%;--awb-margin-bottom-large:0px;--awb-spacing-left-large:11.52%;--awb-width-medium:100%;--awb-spacing-right-medium:1.92%;--awb-spacing-left-medium:1.92%;--awb-width-small:100%;--awb-spacing-right-small:1.92%;--awb-spacing-left-small:1.92%;\"><div class=\"fusion-column-wrapper fusion-column-has-shadow fusion-flex-justify-content-center fusion-content-layout-column\"><div class=\"fusion-image-element \" style=\"text-align:center;--awb-caption-title-font-family:var(--h2_typography-font-family);--awb-caption-title-font-weight:var(--h2_typography-font-weight);--awb-caption-title-font-style:var(--h2_typography-font-style);--awb-caption-title-size:var(--h2_typography-font-size);--awb-caption-title-transform:var(--h2_typography-text-transform);--awb-caption-title-line-height:var(--h2_typography-line-height);--awb-caption-title-letter-spacing:var(--h2_typography-letter-spacing);\"><span class=\" fusion-imageframe imageframe-none imageframe-3 hover-type-none\"><a class=\"fusion-no-lightbox\" href=\"https:\/\/feriadeteatro.com\/feria2024\/datos-espectadores\/\" target=\"_self\" aria-label=\"boton-datos-espectadores\"><img decoding=\"async\" width=\"250\" height=\"250\" src=\"https:\/\/feriadeteatro.com\/feria2024\/wp-content\/uploads\/2024\/08\/boton-datos-espectadores.jpg\" alt class=\"img-responsive wp-image-10782\" srcset=\"https:\/\/feriadeteatro.com\/feria2024\/wp-content\/uploads\/2024\/08\/boton-datos-espectadores-200x200.jpg 200w, https:\/\/feriadeteatro.com\/feria2024\/wp-content\/uploads\/2024\/08\/boton-datos-espectadores.jpg 250w\" sizes=\"(max-width: 1024px) 100vw, (max-width: 640px) 100vw, 200px\" \/><\/a><\/span><\/div><\/div><\/div><div class=\"fusion-layout-column fusion_builder_column fusion-builder-column-4 fusion_builder_column_1_6 1_6 fusion-flex-column\" style=\"--awb-bg-size:cover;--awb-width-large:16.666666666667%;--awb-margin-top-large:0px;--awb-spacing-right-large:11.52%;--awb-margin-bottom-large:0px;--awb-spacing-left-large:11.52%;--awb-width-medium:100%;--awb-spacing-right-medium:1.92%;--awb-spacing-left-medium:1.92%;--awb-width-small:100%;--awb-spacing-right-small:1.92%;--awb-spacing-left-small:1.92%;\"><div class=\"fusion-column-wrapper fusion-column-has-shadow fusion-flex-justify-content-center fusion-content-layout-column\"><div class=\"fusion-image-element \" style=\"text-align:center;--awb-caption-title-font-family:var(--h2_typography-font-family);--awb-caption-title-font-weight:var(--h2_typography-font-weight);--awb-caption-title-font-style:var(--h2_typography-font-style);--awb-caption-title-size:var(--h2_typography-font-size);--awb-caption-title-transform:var(--h2_typography-text-transform);--awb-caption-title-line-height:var(--h2_typography-line-height);--awb-caption-title-letter-spacing:var(--h2_typography-letter-spacing);\"><span class=\" fusion-imageframe imageframe-none imageframe-4 hover-type-none\"><a class=\"fusion-no-lightbox\" href=\"https:\/\/feriadeteatro.com\/feria2024\/datos-profesionales\/\" target=\"_self\" aria-label=\"boton-datos-profesionales\"><img decoding=\"async\" width=\"250\" height=\"250\" src=\"https:\/\/feriadeteatro.com\/feria2024\/wp-content\/uploads\/2024\/08\/boton-datos-profesionales.jpg\" alt class=\"img-responsive wp-image-10781\" srcset=\"https:\/\/feriadeteatro.com\/feria2024\/wp-content\/uploads\/2024\/08\/boton-datos-profesionales-200x200.jpg 200w, https:\/\/feriadeteatro.com\/feria2024\/wp-content\/uploads\/2024\/08\/boton-datos-profesionales.jpg 250w\" sizes=\"(max-width: 1024px) 100vw, (max-width: 640px) 100vw, 200px\" \/><\/a><\/span><\/div><\/div><\/div><div class=\"fusion-layout-column fusion_builder_column fusion-builder-column-5 fusion_builder_column_1_6 1_6 fusion-flex-column\" style=\"--awb-bg-size:cover;--awb-width-large:16.666666666667%;--awb-margin-top-large:0px;--awb-spacing-right-large:11.52%;--awb-margin-bottom-large:0px;--awb-spacing-left-large:11.52%;--awb-width-medium:100%;--awb-spacing-right-medium:1.92%;--awb-spacing-left-medium:1.92%;--awb-width-small:100%;--awb-spacing-right-small:1.92%;--awb-spacing-left-small:1.92%;\"><div class=\"fusion-column-wrapper fusion-column-has-shadow fusion-flex-justify-content-center fusion-content-layout-column\"><div class=\"fusion-image-element \" style=\"text-align:center;--awb-caption-title-font-family:var(--h2_typography-font-family);--awb-caption-title-font-weight:var(--h2_typography-font-weight);--awb-caption-title-font-style:var(--h2_typography-font-style);--awb-caption-title-size:var(--h2_typography-font-size);--awb-caption-title-transform:var(--h2_typography-text-transform);--awb-caption-title-line-height:var(--h2_typography-line-height);--awb-caption-title-letter-spacing:var(--h2_typography-letter-spacing);\"><span class=\" fusion-imageframe imageframe-none imageframe-5 hover-type-none\"><a class=\"fusion-no-lightbox\" href=\"https:\/\/feriadeteatro.com\/feria2024\/datos-promocion-del-teatro\/\" target=\"_self\" aria-label=\"boton-datos-promocion-del-teatro\"><img decoding=\"async\" width=\"250\" height=\"250\" src=\"https:\/\/feriadeteatro.com\/feria2024\/wp-content\/uploads\/2024\/08\/boton-datos-promocion-del-teatro.jpg\" alt class=\"img-responsive wp-image-10780\" srcset=\"https:\/\/feriadeteatro.com\/feria2024\/wp-content\/uploads\/2024\/08\/boton-datos-promocion-del-teatro-200x200.jpg 200w, https:\/\/feriadeteatro.com\/feria2024\/wp-content\/uploads\/2024\/08\/boton-datos-promocion-del-teatro.jpg 250w\" sizes=\"(max-width: 1024px) 100vw, (max-width: 640px) 100vw, 200px\" \/><\/a><\/span><\/div><\/div><\/div><div class=\"fusion-layout-column fusion_builder_column fusion-builder-column-6 fusion_builder_column_1_6 1_6 fusion-flex-column\" style=\"--awb-bg-size:cover;--awb-width-large:16.666666666667%;--awb-margin-top-large:0px;--awb-spacing-right-large:11.52%;--awb-margin-bottom-large:0px;--awb-spacing-left-large:11.52%;--awb-width-medium:100%;--awb-spacing-right-medium:1.92%;--awb-spacing-left-medium:1.92%;--awb-width-small:100%;--awb-spacing-right-small:1.92%;--awb-spacing-left-small:1.92%;\"><div class=\"fusion-column-wrapper fusion-column-has-shadow fusion-flex-justify-content-center fusion-content-layout-column\"><div class=\"fusion-image-element \" style=\"text-align:center;--awb-caption-title-font-family:var(--h2_typography-font-family);--awb-caption-title-font-weight:var(--h2_typography-font-weight);--awb-caption-title-font-style:var(--h2_typography-font-style);--awb-caption-title-size:var(--h2_typography-font-size);--awb-caption-title-transform:var(--h2_typography-text-transform);--awb-caption-title-line-height:var(--h2_typography-line-height);--awb-caption-title-letter-spacing:var(--h2_typography-letter-spacing);\"><span class=\" fusion-imageframe imageframe-none imageframe-6 hover-type-none\"><a class=\"fusion-no-lightbox\" href=\"https:\/\/feriadeteatro.com\/feria2024\/datos-economicos-y-turisticos\/\" target=\"_self\" aria-label=\"boton-datos-economicos-y-turisticos\"><img decoding=\"async\" width=\"250\" height=\"250\" src=\"https:\/\/feriadeteatro.com\/feria2024\/wp-content\/uploads\/2024\/08\/boton-datos-economicos-y-turisticos.jpg\" alt class=\"img-responsive wp-image-10779\" srcset=\"https:\/\/feriadeteatro.com\/feria2024\/wp-content\/uploads\/2024\/08\/boton-datos-economicos-y-turisticos-200x200.jpg 200w, https:\/\/feriadeteatro.com\/feria2024\/wp-content\/uploads\/2024\/08\/boton-datos-economicos-y-turisticos.jpg 250w\" sizes=\"(max-width: 1024px) 100vw, (max-width: 640px) 100vw, 200px\" \/><\/a><\/span><\/div><\/div><\/div><\/div><\/div>\n<div class=\"fusion-fullwidth fullwidth-box fusion-builder-row-2 nonhundred-percent-fullwidth non-hundred-percent-height-scrolling\" style=\"--awb-border-radius-top-left:0px;--awb-border-radius-top-right:0px;--awb-border-radius-bottom-right:0px;--awb-border-radius-bottom-left:0px;--awb-flex-wrap:wrap;\" ><div class=\"fusion-builder-row fusion-row\"><div class=\"fusion-layout-column fusion_builder_column fusion-builder-column-7 fusion_builder_column_1_1 1_1 fusion-one-full fusion-column-first fusion-column-last\" style=\"--awb-bg-size:cover;\"><div class=\"fusion-column-wrapper fusion-column-has-shadow fusion-flex-column-wrapper-legacy\"><div class=\"fusion-sep-clear\"><\/div><div class=\"fusion-separator fusion-full-width-sep\" style=\"margin-left: auto;margin-right: auto;margin-top:20px;margin-bottom:20px;width:100%;\"><\/div><div class=\"fusion-sep-clear\"><\/div><div class=\"fusion-clearfix\"><\/div><\/div><\/div><\/div><\/div><div class=\"fusion-fullwidth fullwidth-box fusion-builder-row-3 nonhundred-percent-fullwidth non-hundred-percent-height-scrolling\" style=\"--awb-border-radius-top-left:0px;--awb-border-radius-top-right:0px;--awb-border-radius-bottom-right:0px;--awb-border-radius-bottom-left:0px;--awb-flex-wrap:wrap;\" ><div class=\"fusion-builder-row fusion-row\"><div class=\"fusion-layout-column fusion_builder_column fusion-builder-column-8 fusion_builder_column_1_1 1_1 fusion-one-full fusion-column-first fusion-column-last\" style=\"--awb-bg-size:cover;\"><div class=\"fusion-column-wrapper fusion-flex-column-wrapper-legacy\"><div class=\"fusion-text fusion-text-1\"><table border=\"0\" width=\"100%\" cellspacing=\"0\" cellpadding=\"0\">\n<tbody>\n<tr>\n<td>\n<div align=\"center\">\n<div align=\"center\">\n<table border=\"0\" width=\"100%\" cellspacing=\"0\" cellpadding=\"0\">\n<tbody>\n<tr>\n<td>\n<div align=\"center\">\n<div align=\"center\">\n<h2 style=\"text-align: left;\"><span style=\"color: #808080;\">Datos de las Compa\u00f1\u00edas de Castilla y Le\u00f3n<\/span><\/h2>\n<table id=\"table17\" border=\"0\" width=\"75%\" cellpadding=\"2\">\n<tbody>\n<tr>\n<td align=\"middle\" bgcolor=\"#333333\" width=\"50%\"><b><span style=\"color: #ffffff; font-family: Verdana; font-size: xx-small;\">A\u00d1O<\/span><\/b><\/td>\n<td align=\"middle\" bgcolor=\"#333333\" width=\"50%\"><b><span style=\"color: #ffffff; font-family: Verdana; font-size: xx-small;\">COMPA\u00d1\u00cdAS DE CASTILLA Y LE\u00d3N SELECCIONADAS<br \/>\nEN LAS VEINTITR\u00c9S EDICIONES<\/span><\/b><\/td>\n<\/tr>\n<tr>\n<td align=\"middle\" width=\"50%\"><span style=\"color: #333333; font-family: Verdana; font-size: xx-small;\">1998<\/span><\/td>\n<td align=\"middle\" width=\"50%\"><span style=\"color: #333333; font-family: Verdana; font-size: xx-small;\">10<\/span><\/td>\n<\/tr>\n<tr>\n<td align=\"middle\" bgcolor=\"#C0C0C0\" width=\"50%\"><span style=\"color: #333333; font-family: Verdana; font-size: xx-small;\">1999<\/span><\/td>\n<td align=\"middle\" bgcolor=\"#C0C0C0\" width=\"50%\"><span style=\"color: #333333; font-family: Verdana; font-size: xx-small;\">13<\/span><\/td>\n<\/tr>\n<tr>\n<td align=\"middle\" width=\"50%\"><span style=\"color: #333333; font-family: Verdana; font-size: xx-small;\">2000<\/span><\/td>\n<td align=\"middle\" width=\"50%\"><span style=\"color: #333333; font-family: Verdana; font-size: xx-small;\">11<\/span><\/td>\n<\/tr>\n<tr>\n<td align=\"middle\" bgcolor=\"#C0C0C0\" width=\"50%\"><span style=\"color: #333333; font-family: Verdana; font-size: xx-small;\">2001<\/span><\/td>\n<td align=\"middle\" bgcolor=\"#C0C0C0\" width=\"50%\"><span style=\"color: #333333; font-family: Verdana; font-size: xx-small;\">9<\/span><\/td>\n<\/tr>\n<tr>\n<td align=\"middle\" width=\"50%\"><span style=\"color: #333333; font-family: Verdana; font-size: xx-small;\">2002<\/span><\/td>\n<td align=\"middle\" width=\"50%\"><span style=\"color: #333333; font-family: Verdana; font-size: xx-small;\">7<\/span><\/td>\n<\/tr>\n<tr>\n<td align=\"middle\" bgcolor=\"#C0C0C0\" width=\"50%\"><span style=\"color: #333333; font-family: Verdana; font-size: xx-small;\">2003<\/span><\/td>\n<td align=\"middle\" bgcolor=\"#C0C0C0\" width=\"50%\"><span style=\"color: #333333; font-family: Verdana; font-size: xx-small;\">13<\/span><\/td>\n<\/tr>\n<tr>\n<td align=\"middle\" width=\"50%\"><span style=\"color: #333333; font-family: Verdana; font-size: xx-small;\">2004<\/span><\/td>\n<td align=\"middle\" width=\"50%\"><span style=\"color: #333333; font-family: Verdana; font-size: xx-small;\">8<\/span><\/td>\n<\/tr>\n<tr>\n<td align=\"middle\" bgcolor=\"#C0C0C0\" width=\"50%\"><span style=\"color: #333333; font-family: Verdana; font-size: xx-small;\">2005<\/span><\/td>\n<td align=\"middle\" bgcolor=\"#C0C0C0\" width=\"50%\"><span style=\"color: #333333; font-family: Verdana; font-size: xx-small;\">9<\/span><\/td>\n<\/tr>\n<tr>\n<td align=\"middle\" width=\"50%\"><span style=\"color: #333333; font-family: Verdana; font-size: xx-small;\">2006<\/span><\/td>\n<td align=\"middle\" width=\"50%\"><span style=\"color: #333333; font-family: Verdana; font-size: xx-small;\">8<\/span><\/td>\n<\/tr>\n<tr>\n<td align=\"middle\" bgcolor=\"#C0C0C0\" width=\"50%\"><span style=\"color: #333333; font-family: Verdana; font-size: xx-small;\">2007<\/span><\/td>\n<td align=\"middle\" bgcolor=\"#C0C0C0\" width=\"50%\"><span style=\"color: #333333; font-family: Verdana; font-size: xx-small;\">15<\/span><\/td>\n<\/tr>\n<tr>\n<td align=\"middle\" width=\"50%\"><span style=\"color: #333333; font-family: Verdana; font-size: xx-small;\">2008<\/span><\/td>\n<td align=\"middle\" width=\"50%\"><span style=\"color: #333333; font-family: Verdana; font-size: xx-small;\">11<\/span><\/td>\n<\/tr>\n<tr>\n<td align=\"middle\" bgcolor=\"#C0C0C0\" width=\"50%\"><span style=\"color: #333333; font-family: Verdana; font-size: xx-small;\">2009<\/span><\/td>\n<td align=\"middle\" bgcolor=\"#C0C0C0\" width=\"50%\"><span style=\"color: #333333; font-family: Verdana; font-size: xx-small;\">12<\/span><\/td>\n<\/tr>\n<tr>\n<td align=\"middle\" width=\"50%\"><span style=\"color: #333333; font-family: Verdana; font-size: xx-small;\">2010<\/span><\/td>\n<td align=\"middle\" width=\"50%\"><span style=\"color: #333333; font-family: Verdana; font-size: xx-small;\">10<\/span><\/td>\n<\/tr>\n<tr>\n<td align=\"middle\" bgcolor=\"#C0C0C0\" width=\"50%\"><span style=\"color: #333333; font-family: Verdana; font-size: xx-small;\">2011<\/span><\/td>\n<td align=\"middle\" bgcolor=\"#C0C0C0\" width=\"50%\"><span style=\"color: #333333; font-family: Verdana; font-size: xx-small;\">11<\/span><\/td>\n<\/tr>\n<tr>\n<td align=\"middle\" width=\"50%\"><span style=\"color: #333333; font-family: Verdana; font-size: xx-small;\">2012<\/span><\/td>\n<td align=\"middle\" width=\"50%\"><span style=\"color: #333333; font-family: Verdana; font-size: xx-small;\">10<\/span><\/td>\n<\/tr>\n<tr>\n<td align=\"middle\" bgcolor=\"#C0C0C0\" width=\"50%\"><span style=\"color: #333333; font-family: Verdana; font-size: xx-small;\">2013<\/span><\/td>\n<td align=\"middle\" bgcolor=\"#C0C0C0\" width=\"50%\"><span style=\"color: #333333; font-family: Verdana; font-size: xx-small;\">11<\/span><\/td>\n<\/tr>\n<tr>\n<td align=\"middle\" width=\"50%\"><span style=\"color: #333333; font-family: Verdana; font-size: xx-small;\">2014<\/span><\/td>\n<td align=\"middle\" width=\"50%\"><span style=\"color: #333333; font-family: Verdana; font-size: xx-small;\">14<\/span><\/td>\n<\/tr>\n<tr>\n<td align=\"middle\" bgcolor=\"#C0C0C0\" width=\"50%\"><span style=\"color: #333333; font-family: Verdana; font-size: xx-small;\">2015<\/span><\/td>\n<td align=\"middle\" bgcolor=\"#C0C0C0\" width=\"50%\"><span style=\"color: #333333; font-family: Verdana; font-size: xx-small;\">15<\/span><\/td>\n<\/tr>\n<tr>\n<td align=\"middle\" width=\"50%\"><span style=\"color: #333333; font-family: Verdana; font-size: xx-small;\">2016<\/span><\/td>\n<td align=\"middle\" width=\"50%\"><span style=\"color: #333333; font-family: Verdana; font-size: xx-small;\">17<\/span><\/td>\n<\/tr>\n<tr>\n<td align=\"middle\" bgcolor=\"#C0C0C0\" width=\"50%\"><span style=\"color: #333333; font-family: Verdana; font-size: xx-small;\">201<\/span><span style=\"color: #333333; font-size: xx-small;\">7<\/span><\/td>\n<td align=\"middle\" bgcolor=\"#C0C0C0\" width=\"50%\"><span style=\"color: #333333; font-size: xx-small;\">14<\/span><\/td>\n<\/tr>\n<tr>\n<td align=\"middle\" bgcolor=\"#ffffff\" width=\"50%\"><span style=\"color: #333333; font-family: Verdana; font-size: xx-small;\">2018<\/span><\/td>\n<td align=\"middle\" bgcolor=\"#ffffff\" width=\"50%\"><span style=\"color: #333333; font-size: xx-small;\">15<\/span><\/td>\n<\/tr>\n<tr>\n<td align=\"middle\" bgcolor=\"#C0C0C0\" width=\"50%\"><span style=\"color: #333333; font-family: Verdana; font-size: xx-small;\">2019<\/span><\/td>\n<td align=\"middle\" bgcolor=\"#C0C0C0\" width=\"50%\"><span style=\"color: #333333; font-size: xx-small;\">18<\/span><\/td>\n<\/tr>\n<tr>\n<td style=\"text-align: center;\"><span style=\"color: #333333; font-family: Verdana; font-size: xx-small;\">2020<\/span><\/td>\n<td style=\"text-align: center;\"><span style=\"color: #333333; font-size: xx-small;\">17<\/span><\/td>\n<\/tr>\n<tr>\n<td align=\"middle\" bgcolor=\"#C0C0C0\" width=\"50%\"><span style=\"color: #333333; font-family: Verdana; font-size: xx-small;\">2021<\/span><\/td>\n<td align=\"middle\" bgcolor=\"#C0C0C0\" width=\"50%\"><span style=\"color: #333333; font-size: xx-small;\">19<\/span><\/td>\n<\/tr>\n<tr>\n<td style=\"text-align: center;\"><span style=\"color: #333333; font-family: Verdana; font-size: xx-small;\">2022<\/span><\/td>\n<td style=\"text-align: center;\"><span style=\"color: #333333; font-size: xx-small;\">14<\/span><\/td>\n<\/tr>\n<tr>\n<td align=\"middle\" bgcolor=\"#C0C0C0\" width=\"50%\"><span style=\"color: #333333; font-family: Verdana; font-size: xx-small;\">2023<\/span><\/td>\n<td align=\"middle\" bgcolor=\"#C0C0C0\" width=\"50%\"><span style=\"color: #333333; font-size: xx-small;\">15<\/span><\/td>\n<\/tr>\n<tr>\n<td style=\"text-align: center;\"><span style=\"font-family: Verdana; font-size: xx-small;\">2024<\/span><\/td>\n<td style=\"text-align: center;\"><span style=\"font-size: xx-small;\">14<\/span><\/td>\n<\/tr>\n<tr>\n<td align=\"middle\" bgcolor=\"#505050\" width=\"50%\"><span style=\"color: #ffffff; font-family: Verdana; font-size: xx-small;\">TOTAL<\/span><\/td>\n<td align=\"middle\" bgcolor=\"#505050\" width=\"50%\"><span style=\"color: #ffffff; font-size: xx-small;\">334<\/span><\/td>\n<\/tr>\n<\/tbody>\n<\/table>\n<\/div>\n<\/div>\n<\/td>\n<\/tr>\n<tr>\n<td align=\"justify\"><span style=\"font-family: Verdana; font-size: small;\">\u00a0<\/span><\/td>\n<\/tr>\n<\/tbody>\n<\/table>\n<\/div>\n<\/div>\n<\/td>\n<\/tr>\n<tr>\n<td align=\"justify\"><\/td>\n<\/tr>\n<tr>\n<td align=\"justify\">\u2013 El 37,4% de las compa\u00f1\u00edas programadas en las 27 ediciones de la Feria de Teatro, son compa\u00f1\u00edas de Castilla y Le\u00f3n. Se han programado 421 espect\u00e1culos de 154 compa\u00f1\u00edas diferentes en las 27 ediciones de la Feria de Teatro de Castilla y Le\u00f3n.<\/td>\n<\/tr>\n<tr>\n<td align=\"justify\">\u2013 El gasto en cach\u00e9s abonados a compa\u00f1\u00edas de Castilla y Le\u00f3n ha supuesto el 38,4% del total de lo gastado en esta partida en las veintisiete ediciones y ha ascendido a 581.542,35\u20ac.<\/td>\n<\/tr>\n<tr>\n<td align=\"justify\"><\/td>\n<\/tr>\n<tr>\n<td align=\"justify\"><\/td>\n<\/tr>\n<\/tbody>\n<\/table>\n<\/div><div class=\"fusion-clearfix\"><\/div><\/div><\/div><\/div><\/div><\/p>\n","protected":false},"excerpt":{"rendered":"","protected":false},"author":1,"featured_media":0,"parent":0,"menu_order":0,"comment_status":"closed","ping_status":"closed","template":"","meta":{"footnotes":""},"class_list":["post-44","page","type-page","status-publish","hentry"],"_links":{"self":[{"href":"https:\/\/feriadeteatro.com\/feria2024\/wp-json\/wp\/v2\/pages\/44","targetHints":{"allow":["GET"]}}],"collection":[{"href":"https:\/\/feriadeteatro.com\/feria2024\/wp-json\/wp\/v2\/pages"}],"about":[{"href":"https:\/\/feriadeteatro.com\/feria2024\/wp-json\/wp\/v2\/types\/page"}],"author":[{"embeddable":true,"href":"https:\/\/feriadeteatro.com\/feria2024\/wp-json\/wp\/v2\/users\/1"}],"replies":[{"embeddable":true,"href":"https:\/\/feriadeteatro.com\/feria2024\/wp-json\/wp\/v2\/comments?post=44"}],"version-history":[{"count":5,"href":"https:\/\/feriadeteatro.com\/feria2024\/wp-json\/wp\/v2\/pages\/44\/revisions"}],"predecessor-version":[{"id":11581,"href":"https:\/\/feriadeteatro.com\/feria2024\/wp-json\/wp\/v2\/pages\/44\/revisions\/11581"}],"wp:attachment":[{"href":"https:\/\/feriadeteatro.com\/feria2024\/wp-json\/wp\/v2\/media?parent=44"}],"curies":[{"name":"wp","href":"https:\/\/api.w.org\/{rel}","templated":true}]}}