{"id":7788,"date":"2022-08-17T10:51:37","date_gmt":"2022-08-17T10:51:37","guid":{"rendered":"https:\/\/feriadeteatro.com\/feria2024\/?page_id=7788"},"modified":"2022-08-23T10:33:16","modified_gmt":"2022-08-23T10:33:16","slug":"presentacion-de-companias-de-castilla-y-leon","status":"publish","type":"page","link":"https:\/\/feriadeteatro.com\/feria2024\/presentacion-de-companias-de-castilla-y-leon\/","title":{"rendered":"PRESENTACI\u00d3N DE COMPA\u00d1\u00cdAS de Castilla y Le\u00f3n"},"content":{"rendered":"<div class=\"fusion-fullwidth fullwidth-box fusion-builder-row-1 fusion-flex-container nonhundred-percent-fullwidth non-hundred-percent-height-scrolling\" style=\"--awb-border-radius-top-left:0px;--awb-border-radius-top-right:0px;--awb-border-radius-bottom-right:0px;--awb-border-radius-bottom-left:0px;--awb-flex-wrap:wrap;\" ><div class=\"fusion-builder-row fusion-row fusion-flex-align-items-flex-start fusion-flex-content-wrap\" style=\"max-width:1216.8px;margin-left: calc(-4% \/ 2 );margin-right: calc(-4% \/ 2 );\"><div class=\"fusion-layout-column fusion_builder_column fusion-builder-column-0 fusion_builder_column_1_1 1_1 fusion-flex-column\" style=\"--awb-bg-size:cover;--awb-width-large:100%;--awb-margin-top-large:0px;--awb-spacing-right-large:1.92%;--awb-margin-bottom-large:0px;--awb-spacing-left-large:1.92%;--awb-width-medium:100%;--awb-spacing-right-medium:1.92%;--awb-spacing-left-medium:1.92%;--awb-width-small:100%;--awb-spacing-right-small:1.92%;--awb-spacing-left-small:1.92%;\"><div class=\"fusion-column-wrapper fusion-column-has-shadow fusion-flex-justify-content-flex-start fusion-content-layout-column\"><div class=\"fusion-text fusion-text-1\"><h2 style=\"text-align: center;\">PRESENTACI\u00d3N DE COMPA\u00d1\u00cdAS<\/h2>\n<\/div><div class=\"fusion-text fusion-text-2\"><h3 style=\"text-align: center;\">de Castilla y Le\u00f3n<\/h3>\n<\/div><div class=\"fusion-separator fusion-full-width-sep\" style=\"align-self: center;margin-left: auto;margin-right: auto;margin-top:15px;margin-bottom:15px;width:100%;\"><div class=\"fusion-separator-border sep-single sep-solid\" style=\"--awb-height:20px;--awb-amount:20px;border-color:#e0dede;border-top-width:1px;\"><\/div><\/div><\/div><\/div><div class=\"fusion-layout-column fusion_builder_column fusion-builder-column-1 fusion_builder_column_1_2 1_2 fusion-flex-column\" style=\"--awb-padding-top:30px;--awb-padding-right:30px;--awb-padding-bottom:30px;--awb-padding-left:30px;--awb-bg-color:#eaeaea;--awb-bg-color-hover:#eaeaea;--awb-bg-size:cover;--awb-width-large:50%;--awb-margin-top-large:0px;--awb-spacing-right-large:3.84%;--awb-margin-bottom-large:0px;--awb-spacing-left-large:3.84%;--awb-width-medium:100%;--awb-spacing-right-medium:1.92%;--awb-spacing-left-medium:1.92%;--awb-width-small:100%;--awb-spacing-right-small:1.92%;--awb-spacing-left-small:1.92%;\"><div class=\"fusion-column-wrapper fusion-column-has-shadow fusion-flex-justify-content-flex-start fusion-content-layout-column\"><div class=\"fusion-text fusion-text-3\"><p>Jueves 25 de agosto, a las 16:00 h. Entrada con acreditaci\u00f3n profesional<br \/>\n<a href=\"https:\/\/goo.gl\/maps\/ztiyU8iACjnskSa49\" target=\"_blank\" rel=\"noopener\">Hotel Conde Rodrigo II<\/a><\/p>\n<\/div><\/div><\/div><div class=\"fusion-layout-column fusion_builder_column fusion-builder-column-2 fusion_builder_column_1_2 1_2 fusion-flex-column\" style=\"--awb-bg-color:#ffffff;--awb-bg-color-hover:#ffffff;--awb-bg-size:cover;--awb-width-large:50%;--awb-margin-top-large:0px;--awb-spacing-right-large:3.84%;--awb-margin-bottom-large:0px;--awb-spacing-left-large:3.84%;--awb-width-medium:100%;--awb-spacing-right-medium:1.92%;--awb-spacing-left-medium:1.92%;--awb-width-small:100%;--awb-spacing-right-small:1.92%;--awb-spacing-left-small:1.92%;\"><div class=\"fusion-column-wrapper fusion-column-has-shadow fusion-flex-justify-content-flex-start fusion-content-layout-column\"><div class=\"fusion-image-element \" style=\"--awb-caption-title-font-family:var(--h2_typography-font-family);--awb-caption-title-font-weight:var(--h2_typography-font-weight);--awb-caption-title-font-style:var(--h2_typography-font-style);--awb-caption-title-size:var(--h2_typography-font-size);--awb-caption-title-transform:var(--h2_typography-text-transform);--awb-caption-title-line-height:var(--h2_typography-line-height);--awb-caption-title-letter-spacing:var(--h2_typography-letter-spacing);\"><span class=\" fusion-imageframe imageframe-dropshadow imageframe-1 hover-type-zoomin\" style=\"-webkit-box-shadow: 4px 4px 8px rgba(0,0,0,0.3);box-shadow: 4px 4px 8px rgba(0,0,0,0.3);\"><img decoding=\"async\" width=\"861\" height=\"662\" title=\"cafetertulia\" src=\"https:\/\/feriadeteatro.com\/feria2024\/wp-content\/uploads\/2022\/08\/cafetertulia.jpg\" alt class=\"img-responsive wp-image-7789\" srcset=\"https:\/\/feriadeteatro.com\/feria2024\/wp-content\/uploads\/2022\/08\/cafetertulia-200x154.jpg 200w, https:\/\/feriadeteatro.com\/feria2024\/wp-content\/uploads\/2022\/08\/cafetertulia-400x308.jpg 400w, https:\/\/feriadeteatro.com\/feria2024\/wp-content\/uploads\/2022\/08\/cafetertulia-600x461.jpg 600w, https:\/\/feriadeteatro.com\/feria2024\/wp-content\/uploads\/2022\/08\/cafetertulia-800x615.jpg 800w, https:\/\/feriadeteatro.com\/feria2024\/wp-content\/uploads\/2022\/08\/cafetertulia.jpg 861w\" sizes=\"(max-width: 1024px) 100vw, (max-width: 640px) 100vw, 600px\" \/><\/span><\/div><\/div><\/div><div class=\"fusion-layout-column fusion_builder_column fusion-builder-column-3 fusion_builder_column_1_1 1_1 fusion-flex-column\" style=\"--awb-padding-top:30px;--awb-padding-right:30px;--awb-padding-bottom:30px;--awb-padding-left:30px;--awb-bg-color:#ffffff;--awb-bg-color-hover:#ffffff;--awb-bg-size:cover;--awb-width-large:100%;--awb-margin-top-large:0px;--awb-spacing-right-large:1.92%;--awb-margin-bottom-large:0px;--awb-spacing-left-large:1.92%;--awb-width-medium:100%;--awb-spacing-right-medium:1.92%;--awb-spacing-left-medium:1.92%;--awb-width-small:100%;--awb-spacing-right-small:1.92%;--awb-spacing-left-small:1.92%;\"><div class=\"fusion-column-wrapper fusion-column-has-shadow fusion-flex-justify-content-flex-start fusion-content-layout-column\"><div class=\"fusion-text fusion-text-4\"><p style=\"text-align: justify;\">En los \u00faltimos a\u00f1os, la Feria de Teatro ofrece a las compa\u00f1\u00edas de Castilla y Le\u00f3n la oportunidad de dar a conocer sus proyectos esc\u00e9nicos a los profesionales acreditados con la selecci\u00f3n de un conjunto de propuestas que son expuestas de forma directa, en ocho minutos, en un ciclo de presentaciones al concluir la comida para profesionales.<\/p>\n<p style=\"text-align: justify;\"><strong>PRESENTACI\u00d3N DE COMPA\u00d1\u00cdAS DE CASTILLA Y LE\u00d3N<\/strong><br \/>\nEn esta ocasi\u00f3n, cuatro compa\u00f1\u00edas de Castilla y Le\u00f3n tendr\u00e1n la oportunidad de presentar sus \u00faltimos montajes:<\/p>\n<p style=\"text-align: justify;\">\u2022 <strong>Innovarte Producciones<\/strong> (Burgos) | <a href=\"https:\/\/www.innovarte.eu\/\" target=\"_blank\" rel=\"noopener\">www.innovarte.eu<\/a><br \/>\n\u201cLa Bruja Kalambres\u201d<\/p>\n<p style=\"text-align: justify;\">\u2022 <strong>Luci\u00e9rnagas Teatro<\/strong> (Valladolid) | <a href=\"https:\/\/luciernagasteatro.es\/\" target=\"_blank\" rel=\"noopener\">www.luciernagasteatro.com<\/a><br \/>\n\u201cOnironautas\u201d<\/p>\n<p style=\"text-align: justify;\">\u2022 <strong>Edulogic (Salamanca)<\/strong> | <a href=\"https:\/\/aradhriel.wixsite.com\/portfolioedulogic\" target=\"_blank\" rel=\"noopener\">www.aradhriel.wixsite.com\/portfolioedulogic<\/a><br \/>\n\u201cInterior noche\u201d<\/p>\n<\/div><\/div><\/div><div class=\"fusion-layout-column fusion_builder_column fusion-builder-column-4 fusion_builder_column_1_1 1_1 fusion-flex-column\" style=\"--awb-bg-size:cover;--awb-width-large:100%;--awb-margin-top-large:0px;--awb-spacing-right-large:1.92%;--awb-margin-bottom-large:0px;--awb-spacing-left-large:1.92%;--awb-width-medium:100%;--awb-spacing-right-medium:1.92%;--awb-spacing-left-medium:1.92%;--awb-width-small:100%;--awb-spacing-right-small:1.92%;--awb-spacing-left-small:1.92%;\"><div class=\"fusion-column-wrapper fusion-column-has-shadow fusion-flex-justify-content-flex-start fusion-content-layout-column\"><div class=\"fusion-text fusion-text-5\"><h5><a href=\"https:\/\/www.feriadeteatro.es\/feria2022\/complementarias2022.htm\">[volver al cuadrante de programaci\u00f3n]<\/a><\/h5>\n<\/div><\/div><\/div><\/div><\/div>\n","protected":false},"excerpt":{"rendered":"","protected":false},"author":1,"featured_media":0,"parent":0,"menu_order":0,"comment_status":"closed","ping_status":"closed","template":"","meta":{"footnotes":""},"class_list":["post-7788","page","type-page","status-publish","hentry"],"_links":{"self":[{"href":"https:\/\/feriadeteatro.com\/feria2024\/wp-json\/wp\/v2\/pages\/7788","targetHints":{"allow":["GET"]}}],"collection":[{"href":"https:\/\/feriadeteatro.com\/feria2024\/wp-json\/wp\/v2\/pages"}],"about":[{"href":"https:\/\/feriadeteatro.com\/feria2024\/wp-json\/wp\/v2\/types\/page"}],"author":[{"embeddable":true,"href":"https:\/\/feriadeteatro.com\/feria2024\/wp-json\/wp\/v2\/users\/1"}],"replies":[{"embeddable":true,"href":"https:\/\/feriadeteatro.com\/feria2024\/wp-json\/wp\/v2\/comments?post=7788"}],"version-history":[{"count":4,"href":"https:\/\/feriadeteatro.com\/feria2024\/wp-json\/wp\/v2\/pages\/7788\/revisions"}],"predecessor-version":[{"id":7816,"href":"https:\/\/feriadeteatro.com\/feria2024\/wp-json\/wp\/v2\/pages\/7788\/revisions\/7816"}],"wp:attachment":[{"href":"https:\/\/feriadeteatro.com\/feria2024\/wp-json\/wp\/v2\/media?parent=7788"}],"curies":[{"name":"wp","href":"https:\/\/api.w.org\/{rel}","templated":true}]}}