{"id":12176,"date":"2025-07-28T11:34:27","date_gmt":"2025-07-28T10:34:27","guid":{"rendered":"https:\/\/feriadeteatro.com\/feria2026\/?page_id=12176"},"modified":"2025-07-28T11:34:27","modified_gmt":"2025-07-28T10:34:27","slug":"entrega-14-premios-rosa-maria-garcia-cano","status":"publish","type":"page","link":"https:\/\/feriadeteatro.com\/feria2026\/entrega-14-premios-rosa-maria-garcia-cano\/","title":{"rendered":"Entrega 14 premios Rosa Mar\u00eda Garc\u00eda Cano"},"content":{"rendered":"<div class=\"fusion-fullwidth fullwidth-box fusion-builder-row-1 fusion-flex-container nonhundred-percent-fullwidth non-hundred-percent-height-scrolling\" style=\"--awb-border-radius-top-left:0px;--awb-border-radius-top-right:0px;--awb-border-radius-bottom-right:0px;--awb-border-radius-bottom-left:0px;--awb-flex-wrap:wrap;\" ><div class=\"fusion-builder-row fusion-row fusion-flex-align-items-flex-start fusion-flex-content-wrap\" style=\"max-width:1216.8px;margin-left: calc(-4% \/ 2 );margin-right: calc(-4% \/ 2 );\"><div class=\"fusion-layout-column fusion_builder_column fusion-builder-column-0 fusion_builder_column_1_1 1_1 fusion-flex-column\" style=\"--awb-bg-size:cover;--awb-width-large:100%;--awb-margin-top-large:0px;--awb-spacing-right-large:1.92%;--awb-margin-bottom-large:0px;--awb-spacing-left-large:1.92%;--awb-width-medium:100%;--awb-spacing-right-medium:1.92%;--awb-spacing-left-medium:1.92%;--awb-width-small:100%;--awb-spacing-right-small:1.92%;--awb-spacing-left-small:1.92%;\"><div class=\"fusion-column-wrapper fusion-column-has-shadow fusion-flex-justify-content-flex-start fusion-content-layout-column\"><div class=\"fusion-text fusion-text-1\"><h3 style=\"text-align: center;\">ENTREGA 14<sup>OS<\/sup> PREMIOS ROSA MAR\u00cdA GARC\u00cdA CANO<\/h3>\n<\/div><div class=\"fusion-separator fusion-full-width-sep\" style=\"align-self: center;margin-left: auto;margin-right: auto;margin-top:15px;margin-bottom:15px;width:100%;\"><div class=\"fusion-separator-border sep-single sep-solid\" style=\"--awb-height:20px;--awb-amount:20px;border-color:#e0dede;border-top-width:1px;\"><\/div><\/div><\/div><\/div><div class=\"fusion-layout-column fusion_builder_column fusion-builder-column-1 fusion_builder_column_1_2 1_2 fusion-flex-column\" style=\"--awb-padding-top:30px;--awb-padding-right:30px;--awb-padding-bottom:30px;--awb-padding-left:30px;--awb-bg-color:#eaeaea;--awb-bg-color-hover:#eaeaea;--awb-bg-size:cover;--awb-width-large:50%;--awb-margin-top-large:0px;--awb-spacing-right-large:3.84%;--awb-margin-bottom-large:0px;--awb-spacing-left-large:3.84%;--awb-width-medium:100%;--awb-spacing-right-medium:1.92%;--awb-spacing-left-medium:1.92%;--awb-width-small:100%;--awb-spacing-right-small:1.92%;--awb-spacing-left-small:1.92%;\"><div class=\"fusion-column-wrapper fusion-column-has-shadow fusion-flex-justify-content-flex-start fusion-content-layout-column\"><div class=\"fusion-text fusion-text-2\"><p><strong>D\u00eda:<\/strong> Mi\u00e9rcoles 27<br \/>\n<strong>Hora:<\/strong> 14:30h<br \/>\n<strong>Lugar: <\/strong><a href=\"https:\/\/goo.gl\/maps\/PSzULgD8CMar3Ekn7\" target=\"_blank\" rel=\"noopener\">PALACIO DE MONTARCO<\/a><br \/>\nEntrada con acreditaci\u00f3n profesional<\/p>\n<\/div><\/div><\/div><div class=\"fusion-layout-column fusion_builder_column fusion-builder-column-2 fusion_builder_column_1_2 1_2 fusion-flex-column\" style=\"--awb-bg-color:#ffffff;--awb-bg-color-hover:#ffffff;--awb-bg-size:cover;--awb-width-large:50%;--awb-margin-top-large:0px;--awb-spacing-right-large:3.84%;--awb-margin-bottom-large:0px;--awb-spacing-left-large:3.84%;--awb-width-medium:100%;--awb-spacing-right-medium:1.92%;--awb-spacing-left-medium:1.92%;--awb-width-small:100%;--awb-spacing-right-small:1.92%;--awb-spacing-left-small:1.92%;\"><div class=\"fusion-column-wrapper fusion-column-has-shadow fusion-flex-justify-content-flex-start fusion-content-layout-column\"><div class=\"fusion-image-element \" style=\"--awb-caption-title-font-family:var(--h2_typography-font-family);--awb-caption-title-font-weight:var(--h2_typography-font-weight);--awb-caption-title-font-style:var(--h2_typography-font-style);--awb-caption-title-size:var(--h2_typography-font-size);--awb-caption-title-transform:var(--h2_typography-text-transform);--awb-caption-title-line-height:var(--h2_typography-line-height);--awb-caption-title-letter-spacing:var(--h2_typography-letter-spacing);\"><span class=\" fusion-imageframe imageframe-dropshadow imageframe-1 hover-type-zoomin\" style=\"border:3px solid #c2a891;-webkit-box-shadow: 4px 4px 8px rgba(0,0,0,0.3);box-shadow: 4px 4px 8px rgba(0,0,0,0.3);\"><img decoding=\"async\" width=\"1200\" height=\"810\" title=\"foto-premios-rosa\" src=\"https:\/\/feriadeteatro.com\/feria2026\/wp-content\/uploads\/2025\/07\/foto-premios-rosa-1200x810.jpg\" alt class=\"img-responsive wp-image-12178\" srcset=\"https:\/\/feriadeteatro.com\/feria2026\/wp-content\/uploads\/2025\/07\/foto-premios-rosa-200x135.jpg 200w, https:\/\/feriadeteatro.com\/feria2026\/wp-content\/uploads\/2025\/07\/foto-premios-rosa-400x270.jpg 400w, https:\/\/feriadeteatro.com\/feria2026\/wp-content\/uploads\/2025\/07\/foto-premios-rosa-600x405.jpg 600w, https:\/\/feriadeteatro.com\/feria2026\/wp-content\/uploads\/2025\/07\/foto-premios-rosa-800x540.jpg 800w, https:\/\/feriadeteatro.com\/feria2026\/wp-content\/uploads\/2025\/07\/foto-premios-rosa-1200x810.jpg 1200w, https:\/\/feriadeteatro.com\/feria2026\/wp-content\/uploads\/2025\/07\/foto-premios-rosa.jpg 1232w\" sizes=\"(max-width: 1024px) 100vw, (max-width: 640px) 100vw, 600px\" \/><\/span><\/div><\/div><\/div><div class=\"fusion-layout-column fusion_builder_column fusion-builder-column-3 fusion_builder_column_1_1 1_1 fusion-flex-column\" style=\"--awb-padding-top:30px;--awb-padding-right:30px;--awb-padding-bottom:30px;--awb-padding-left:30px;--awb-bg-color:#ffffff;--awb-bg-color-hover:#ffffff;--awb-bg-size:cover;--awb-width-large:100%;--awb-margin-top-large:0px;--awb-spacing-right-large:1.92%;--awb-margin-bottom-large:0px;--awb-spacing-left-large:1.92%;--awb-width-medium:100%;--awb-spacing-right-medium:1.92%;--awb-spacing-left-medium:1.92%;--awb-width-small:100%;--awb-spacing-right-small:1.92%;--awb-spacing-left-small:1.92%;\"><div class=\"fusion-column-wrapper fusion-column-has-shadow fusion-flex-justify-content-flex-start fusion-content-layout-column\"><div class=\"fusion-text fusion-text-3\"><p style=\"text-align: justify;\">Desde hace catorce a\u00f1os, la Feria acoge la entrega de los premios Rosa Mar\u00eda Garc\u00eda Cano, organizados por la Asociaci\u00f3n Civitas, en recuerdo de la que fue fundadora y primera directora de la Feria de Teatro. Esta nueva edici\u00f3n mantiene el impulso con el que se crearon, reconocer en el marco profesional que supone la Feria de Teatro el trabajo de diferentes personas y entidades volcadas con mejorar nuestra sociedad mediante la promoci\u00f3n de las artes esc\u00e9nicas. El jurado, integrado por profesionales, personas con vinculaci\u00f3n personal estrecha con Rosa Mar\u00eda Garc\u00eda Cano y personas de la junta directiva de la Asociaci\u00f3n Civitas, en esta ocasi\u00f3n ha determinado tres premios: uno de car\u00e1cter local\/regional, otro nacional y un tercero internacional.<\/p>\n<p style=\"text-align: justify;\">El jurado ha fallado los siguientes reconocimientos:<br \/>\n\u2022 <strong>Premio Regional 2025: La Parrala, Centro de Creaci\u00f3n Esc\u00e9nica de Burgos.<\/strong> El Centro de Creaci\u00f3n Esc\u00e9nica La Parrala es la sede de la Asociaci\u00f3n de Artes Esc\u00e9nicas de Burgos, integrada por m\u00e1s de una treintena de formaciones teatrales, que cumple este a\u00f1o su 25\u00ba aniversario. Se ha convertido en un centro neur\u00e1lgico para la creaci\u00f3n art\u00edstica en Burgos; ha generado diferentes acciones de promoci\u00f3n esc\u00e9nica.<\/p>\n<p style=\"text-align: justify;\">\u2022 <strong>Premio Nacional 2025: Circored, Federaci\u00f3n de Asociaciones de Profesionales de Circo de Espa\u00f1a.<\/strong> Esta organizaci\u00f3n acaba de cumplir diez a\u00f1os de funcionamiento. Se ha consolidado como instituci\u00f3n dedicada a fomentar la profesionalizaci\u00f3n del sector y a mejorar sus condiciones laborales. Adem\u00e1s, funciona como un punto de encuentro para profesionales y personas interesadas en el circo.<\/p>\n<p style=\"text-align: justify;\">\u2022 <strong>Premio Internacional 2025: Am\u00e9rico Rodr\u00edgues.<\/strong> El jurado ha determinado premiar a Am\u00e9rico Rodr\u00edgues por su persistente y estimable trabajo de promoci\u00f3n, impulso y apoyo a las artes esc\u00e9nicas en Portugal, contribuyendo tambi\u00e9n a su difusi\u00f3n de forma destacada en nuestro pa\u00eds. Actualmente es Director General de DGartes, y la aproximaci\u00f3n cultural y art\u00edstica entre Portugal y Espa\u00f1a ha sido una prioridad en toda su vida profesional.<br \/>\nLa entrega de premios se realizar\u00e1 en el Patio Noble del Palacio de Montarco en los momentos previos del aperitivo de bienvenida que se ofrecer\u00e1 a los profesionales inscritos en la Feria de Teatro.<\/p>\n<\/div><\/div><\/div><div class=\"fusion-layout-column fusion_builder_column fusion-builder-column-4 fusion_builder_column_1_1 1_1 fusion-flex-column\" style=\"--awb-bg-size:cover;--awb-width-large:100%;--awb-margin-top-large:0px;--awb-spacing-right-large:1.92%;--awb-margin-bottom-large:0px;--awb-spacing-left-large:1.92%;--awb-width-medium:100%;--awb-spacing-right-medium:1.92%;--awb-spacing-left-medium:1.92%;--awb-width-small:100%;--awb-spacing-right-small:1.92%;--awb-spacing-left-small:1.92%;\"><div class=\"fusion-column-wrapper fusion-column-has-shadow fusion-flex-justify-content-flex-start fusion-content-layout-column\"><div class=\"fusion-text fusion-text-4\"><h5><a href=\"https:\/\/feriadeteatro.es\/feria2025\/complementarias2025.htm\">[volver al cuadrante de programaci\u00f3n]<\/a><\/h5>\n<\/div><\/div><\/div><\/div><\/div>\n","protected":false},"excerpt":{"rendered":"","protected":false},"author":1,"featured_media":0,"parent":0,"menu_order":0,"comment_status":"closed","ping_status":"closed","template":"","meta":{"footnotes":""},"class_list":["post-12176","page","type-page","status-publish","hentry"],"_links":{"self":[{"href":"https:\/\/feriadeteatro.com\/feria2026\/wp-json\/wp\/v2\/pages\/12176","targetHints":{"allow":["GET"]}}],"collection":[{"href":"https:\/\/feriadeteatro.com\/feria2026\/wp-json\/wp\/v2\/pages"}],"about":[{"href":"https:\/\/feriadeteatro.com\/feria2026\/wp-json\/wp\/v2\/types\/page"}],"author":[{"embeddable":true,"href":"https:\/\/feriadeteatro.com\/feria2026\/wp-json\/wp\/v2\/users\/1"}],"replies":[{"embeddable":true,"href":"https:\/\/feriadeteatro.com\/feria2026\/wp-json\/wp\/v2\/comments?post=12176"}],"version-history":[{"count":2,"href":"https:\/\/feriadeteatro.com\/feria2026\/wp-json\/wp\/v2\/pages\/12176\/revisions"}],"predecessor-version":[{"id":12179,"href":"https:\/\/feriadeteatro.com\/feria2026\/wp-json\/wp\/v2\/pages\/12176\/revisions\/12179"}],"wp:attachment":[{"href":"https:\/\/feriadeteatro.com\/feria2026\/wp-json\/wp\/v2\/media?parent=12176"}],"curies":[{"name":"wp","href":"https:\/\/api.w.org\/{rel}","templated":true}]}}

Entrega 14 premios Rosa María García Cano

<div class="fusion-fullwidth fullwidth-box fusion-builder-row-1 fusion-flex-container nonhundred-percent-fullwidth non-hundred-percent-height-scrolling" style="--awb-border-radius-top-left:0px;--awb-border-radius-top-right:0px;--awb-border-radius-bottom-right:0px;--awb-border-radius-bottom-left:0px;--awb-flex-wrap:wrap;" ><div class="fusion-builder-row fusion-row fusion-flex-align-items-flex-start fusion-flex-content-wrap" style="max-width:1216.8px;margin-left: calc(-4% / 2 );margin-right: calc(-4% / 2 );"><div class="fusion-layout-column fusion_builder_column fusion-builder-column-0 fusion_builder_column_1_1 1_1 fusion-flex-column" style="--awb-bg-size:cover;--awb-width-large:100%;--awb-margin-top-large:0px;--awb-spacing-right-large:1.92%;--awb-margin-bottom-large:0px;--awb-spacing-left-large:1.92%;--awb-width-medium:100%;--awb-spacing-right-medium:1.92%;--awb-spacing-left-medium:1.92%;--awb-width-small:100%;--awb-spacing-right-small:1.92%;--awb-spacing-left-small:1.92%;"><div class="fusion-column-wrapper fusion-column-has-shadow fusion-flex-justify-content-flex-start fusion-content-layout-column"><div class="fusion-text fusion-text-1"><h3 style="text-align: center;">ENTREGA 14<sup>OS</sup> PREMIOS ROSA MARÍA GARCÍA CANO</h3>
</div><div class="fusion-separator fusion-full-width-sep" style="align-self: center;margin-left: auto;margin-right: auto;margin-top:15px;margin-bottom:15px;width:100%;"><div class="fusion-separator-border sep-single sep-solid" style="--awb-height:20px;--awb-amount:20px;border-color:#e0dede;border-top-width:1px;"></div></div></div></div><div class="fusion-layout-column fusion_builder_column fusion-builder-column-1 fusion_builder_column_1_2 1_2 fusion-flex-column" style="--awb-padding-top:30px;--awb-padding-right:30px;--awb-padding-bottom:30px;--awb-padding-left:30px;--awb-bg-color:#eaeaea;--awb-bg-color-hover:#eaeaea;--awb-bg-size:cover;--awb-width-large:50%;--awb-margin-top-large:0px;--awb-spacing-right-large:3.84%;--awb-margin-bottom-large:0px;--awb-spacing-left-large:3.84%;--awb-width-medium:100%;--awb-spacing-right-medium:1.92%;--awb-spacing-left-medium:1.92%;--awb-width-small:100%;--awb-spacing-right-small:1.92%;--awb-spacing-left-small:1.92%;"><div class="fusion-column-wrapper fusion-column-has-shadow fusion-flex-justify-content-flex-start fusion-content-layout-column"><div class="fusion-text fusion-text-2"><p><strong>Día:</strong> Miércoles 27<br />
<strong>Hora:</strong> 14:30h<br />
<strong>Lugar: </strong><a href="https://goo.gl/maps/PSzULgD8CMar3Ekn7" target="_blank" rel="noopener">PALACIO DE MONTARCO</a><br />
Entrada con acreditación profesional</p>
</div></div></div><div class="fusion-layout-column fusion_builder_column fusion-builder-column-2 fusion_builder_column_1_2 1_2 fusion-flex-column" style="--awb-bg-color:#ffffff;--awb-bg-color-hover:#ffffff;--awb-bg-size:cover;--awb-width-large:50%;--awb-margin-top-large:0px;--awb-spacing-right-large:3.84%;--awb-margin-bottom-large:0px;--awb-spacing-left-large:3.84%;--awb-width-medium:100%;--awb-spacing-right-medium:1.92%;--awb-spacing-left-medium:1.92%;--awb-width-small:100%;--awb-spacing-right-small:1.92%;--awb-spacing-left-small:1.92%;"><div class="fusion-column-wrapper fusion-column-has-shadow fusion-flex-justify-content-flex-start fusion-content-layout-column"><div class="fusion-image-element " style="--awb-caption-title-font-family:var(--h2_typography-font-family);--awb-caption-title-font-weight:var(--h2_typography-font-weight);--awb-caption-title-font-style:var(--h2_typography-font-style);--awb-caption-title-size:var(--h2_typography-font-size);--awb-caption-title-transform:var(--h2_typography-text-transform);--awb-caption-title-line-height:var(--h2_typography-line-height);--awb-caption-title-letter-spacing:var(--h2_typography-letter-spacing);"><span class=" fusion-imageframe imageframe-dropshadow imageframe-1 hover-type-zoomin" style="border:3px solid #c2a891;-webkit-box-shadow: 4px 4px 8px rgba(0,0,0,0.3);box-shadow: 4px 4px 8px rgba(0,0,0,0.3);"><img decoding="async" width="1200" height="810" title="foto-premios-rosa" src="https://feriadeteatro.com/feria2026/wp-content/uploads/2025/07/foto-premios-rosa-1200x810.jpg" alt class="img-responsive wp-image-12178" srcset="https://feriadeteatro.com/feria2026/wp-content/uploads/2025/07/foto-premios-rosa-200x135.jpg 200w, https://feriadeteatro.com/feria2026/wp-content/uploads/2025/07/foto-premios-rosa-400x270.jpg 400w, https://feriadeteatro.com/feria2026/wp-content/uploads/2025/07/foto-premios-rosa-600x405.jpg 600w, https://feriadeteatro.com/feria2026/wp-content/uploads/2025/07/foto-premios-rosa-800x540.jpg 800w, https://feriadeteatro.com/feria2026/wp-content/uploads/2025/07/foto-premios-rosa-1200x810.jpg 1200w, https://feriadeteatro.com/feria2026/wp-content/uploads/2025/07/foto-premios-rosa.jpg 1232w" sizes="(max-width: 1024px) 100vw, (max-width: 640px) 100vw, 600px" /></span></div></div></div><div class="fusion-layout-column fusion_builder_column fusion-builder-column-3 fusion_builder_column_1_1 1_1 fusion-flex-column" style="--awb-padding-top:30px;--awb-padding-right:30px;--awb-padding-bottom:30px;--awb-padding-left:30px;--awb-bg-color:#ffffff;--awb-bg-color-hover:#ffffff;--awb-bg-size:cover;--awb-width-large:100%;--awb-margin-top-large:0px;--awb-spacing-right-large:1.92%;--awb-margin-bottom-large:0px;--awb-spacing-left-large:1.92%;--awb-width-medium:100%;--awb-spacing-right-medium:1.92%;--awb-spacing-left-medium:1.92%;--awb-width-small:100%;--awb-spacing-right-small:1.92%;--awb-spacing-left-small:1.92%;"><div class="fusion-column-wrapper fusion-column-has-shadow fusion-flex-justify-content-flex-start fusion-content-layout-column"><div class="fusion-text fusion-text-3"><p style="text-align: justify;">Desde hace catorce años, la Feria acoge la entrega de los premios Rosa María García Cano, organizados por la Asociación Civitas, en recuerdo de la que fue fundadora y primera directora de la Feria de Teatro. Esta nueva edición mantiene el impulso con el que se crearon, reconocer en el marco profesional que supone la Feria de Teatro el trabajo de diferentes personas y entidades volcadas con mejorar nuestra sociedad mediante la promoción de las artes escénicas. El jurado, integrado por profesionales, personas con vinculación personal estrecha con Rosa María García Cano y personas de la junta directiva de la Asociación Civitas, en esta ocasión ha determinado tres premios: uno de carácter local/regional, otro nacional y un tercero internacional.</p>
<p style="text-align: justify;">El jurado ha fallado los siguientes reconocimientos:<br />
• <strong>Premio Regional 2025: La Parrala, Centro de Creación Escénica de Burgos.</strong> El Centro de Creación Escénica La Parrala es la sede de la Asociación de Artes Escénicas de Burgos, integrada por más de una treintena de formaciones teatrales, que cumple este año su 25º aniversario. Se ha convertido en un centro neurálgico para la creación artística en Burgos; ha generado diferentes acciones de promoción escénica.</p>
<p style="text-align: justify;">• <strong>Premio Nacional 2025: Circored, Federación de Asociaciones de Profesionales de Circo de España.</strong> Esta organización acaba de cumplir diez años de funcionamiento. Se ha consolidado como institución dedicada a fomentar la profesionalización del sector y a mejorar sus condiciones laborales. Además, funciona como un punto de encuentro para profesionales y personas interesadas en el circo.</p>
<p style="text-align: justify;">• <strong>Premio Internacional 2025: Américo Rodrígues.</strong> El jurado ha determinado premiar a Américo Rodrígues por su persistente y estimable trabajo de promoción, impulso y apoyo a las artes escénicas en Portugal, contribuyendo también a su difusión de forma destacada en nuestro país. Actualmente es Director General de DGartes, y la aproximación cultural y artística entre Portugal y España ha sido una prioridad en toda su vida profesional.<br />
La entrega de premios se realizará en el Patio Noble del Palacio de Montarco en los momentos previos del aperitivo de bienvenida que se ofrecerá a los profesionales inscritos en la Feria de Teatro.</p>
</div></div></div><div class="fusion-layout-column fusion_builder_column fusion-builder-column-4 fusion_builder_column_1_1 1_1 fusion-flex-column" style="--awb-bg-size:cover;--awb-width-large:100%;--awb-margin-top-large:0px;--awb-spacing-right-large:1.92%;--awb-margin-bottom-large:0px;--awb-spacing-left-large:1.92%;--awb-width-medium:100%;--awb-spacing-right-medium:1.92%;--awb-spacing-left-medium:1.92%;--awb-width-small:100%;--awb-spacing-right-small:1.92%;--awb-spacing-left-small:1.92%;"><div class="fusion-column-wrapper fusion-column-has-shadow fusion-flex-justify-content-flex-start fusion-content-layout-column"><div class="fusion-text fusion-text-4"><h5><a href="https://feriadeteatro.es/feria2025/complementarias2025.htm">[volver al cuadrante de programación]</a></h5>
</div></div></div></div></div>
